{"id":3468,"date":"2021-11-30T13:03:32","date_gmt":"2021-11-30T15:03:32","guid":{"rendered":"https:\/\/museuflorestal.ambiente.sp.gov.br\/acervo\/?post_type=tnc_col_329_item&#038;p=3468"},"modified":"2021-11-30T13:03:34","modified_gmt":"2021-11-30T15:03:34","slug":"prancha-de-ipe-felpudo-2","status":"publish","type":"tnc_col_329_item","link":"https:\/\/museuflorestal.ambiente.sp.gov.br\/acervo\/museu-florestal-octavio-vecchi\/prancha-de-ipe-felpudo-2\/","title":{"rendered":"Prancha de ip\u00ea-felpudo"},"content":{"rendered":"<p>Prancha em formato retangular, com al\u00e7a em madeira torneada. Possui uma das faces envernizada. Topo com o entalhe &#8220;M415&#8221;. Lateral oposta \u00e0 al\u00e7a com o c\u00f3digo &#8220;MT-174&#8221; \u00e0 caneta e a inscri\u00e7\u00e3o &#8220;160&#8221;, &#8220;Buxo de boi&#8221;, Ip\u00ea felpudo&#8221;. Base com furo.<\/p>\n","protected":false},"featured_media":3469,"parent":0,"menu_order":0,"comment_status":"closed","ping_status":"closed","template":"","format":"standard","_links":{"self":[{"href":"https:\/\/museuflorestal.ambiente.sp.gov.br\/acervo\/wp-json\/wp\/v2\/tnc_col_329_item\/3468"}],"collection":[{"href":"https:\/\/museuflorestal.ambiente.sp.gov.br\/acervo\/wp-json\/wp\/v2\/tnc_col_329_item"}],"about":[{"href":"https:\/\/museuflorestal.ambiente.sp.gov.br\/acervo\/wp-json\/wp\/v2\/types\/tnc_col_329_item"}],"replies":[{"embeddable":true,"href":"https:\/\/museuflorestal.ambiente.sp.gov.br\/acervo\/wp-json\/wp\/v2\/comments?post=3468"}],"version-history":[{"count":0,"href":"https:\/\/museuflorestal.ambiente.sp.gov.br\/acervo\/wp-json\/wp\/v2\/tnc_col_329_item\/3468\/revisions"}],"wp:featuredmedia":[{"embeddable":true,"href":"https:\/\/museuflorestal.ambiente.sp.gov.br\/acervo\/wp-json\/wp\/v2\/media\/3469"}],"wp:attachment":[{"href":"https:\/\/museuflorestal.ambiente.sp.gov.br\/acervo\/wp-json\/wp\/v2\/media?parent=3468"}],"curies":[{"name":"wp","href":"https:\/\/api.w.org\/{rel}","templated":true}]}}

Prancha de ipê-felpudo

<p>Prancha em formato retangular, com alça em madeira torneada. Possui uma das faces envernizada. Topo com o entalhe &#8220;M415&#8221;. Lateral oposta à alça com o código &#8220;MT-174&#8221; à caneta e a inscrição &#8220;160&#8221;, &#8220;Buxo de boi&#8221;, Ipê felpudo&#8221;. Base com furo.</p>
