{"id":3621,"date":"2021-11-30T13:08:09","date_gmt":"2021-11-30T15:08:09","guid":{"rendered":"https:\/\/museuflorestal.ambiente.sp.gov.br\/acervo\/?post_type=tnc_col_329_item&#038;p=3621"},"modified":"2021-11-30T13:08:12","modified_gmt":"2021-11-30T15:08:12","slug":"prancha-de-copaiba-2","status":"publish","type":"tnc_col_329_item","link":"https:\/\/museuflorestal.ambiente.sp.gov.br\/acervo\/museu-florestal-octavio-vecchi\/prancha-de-copaiba-2\/","title":{"rendered":"Prancha de copa\u00edba"},"content":{"rendered":"<p>Prancha em formato retangular, com al\u00e7a em madeira torneada. Possui uma das faces envernizada. Topo com o entalhe &#8220;M363&#8221;. Lateral oposta \u00e0 al\u00e7a com o c\u00f3digo &#8220;MT-135&#8221; \u00e0 caneta e inscri\u00e7\u00f5es a l\u00e1pis. Face envernizada com uma etiqueta datilografada com a inscri\u00e7\u00e3o &#8220;363 Copa\u00edba&#8221;.<\/p>\n","protected":false},"featured_media":3622,"parent":0,"menu_order":0,"comment_status":"closed","ping_status":"closed","template":"","format":"standard","_links":{"self":[{"href":"https:\/\/museuflorestal.ambiente.sp.gov.br\/acervo\/wp-json\/wp\/v2\/tnc_col_329_item\/3621"}],"collection":[{"href":"https:\/\/museuflorestal.ambiente.sp.gov.br\/acervo\/wp-json\/wp\/v2\/tnc_col_329_item"}],"about":[{"href":"https:\/\/museuflorestal.ambiente.sp.gov.br\/acervo\/wp-json\/wp\/v2\/types\/tnc_col_329_item"}],"replies":[{"embeddable":true,"href":"https:\/\/museuflorestal.ambiente.sp.gov.br\/acervo\/wp-json\/wp\/v2\/comments?post=3621"}],"version-history":[{"count":0,"href":"https:\/\/museuflorestal.ambiente.sp.gov.br\/acervo\/wp-json\/wp\/v2\/tnc_col_329_item\/3621\/revisions"}],"wp:featuredmedia":[{"embeddable":true,"href":"https:\/\/museuflorestal.ambiente.sp.gov.br\/acervo\/wp-json\/wp\/v2\/media\/3622"}],"wp:attachment":[{"href":"https:\/\/museuflorestal.ambiente.sp.gov.br\/acervo\/wp-json\/wp\/v2\/media?parent=3621"}],"curies":[{"name":"wp","href":"https:\/\/api.w.org\/{rel}","templated":true}]}}

Prancha de copaíba

<p>Prancha em formato retangular, com alça em madeira torneada. Possui uma das faces envernizada. Topo com o entalhe &#8220;M363&#8221;. Lateral oposta à alça com o código &#8220;MT-135&#8221; à caneta e inscrições a lápis. Face envernizada com uma etiqueta datilografada com a inscrição &#8220;363 Copaíba&#8221;.</p>
