{"id":3640,"date":"2021-11-30T13:08:45","date_gmt":"2021-11-30T15:08:45","guid":{"rendered":"https:\/\/museuflorestal.ambiente.sp.gov.br\/acervo\/?post_type=tnc_col_329_item&#038;p=3640"},"modified":"2021-11-30T13:08:48","modified_gmt":"2021-11-30T15:08:48","slug":"prancha-de-almesca","status":"publish","type":"tnc_col_329_item","link":"https:\/\/museuflorestal.ambiente.sp.gov.br\/acervo\/museu-florestal-octavio-vecchi\/prancha-de-almesca\/","title":{"rendered":"Prancha de almesca"},"content":{"rendered":"<p>Prancha em formato retangular, com al\u00e7a em madeira torneada e encaixe para fixa\u00e7\u00e3o de tacha. Possui uma das faces envernizada. Topo com o entalhe &#8220;M435&#8221;. Lateral oposta \u00e0 al\u00e7a com o c\u00f3digo &#8220;MT-192&#8221; \u00e0 caneta e inscri\u00e7\u00f5es a l\u00e1pis. Base com furo.<\/p>\n","protected":false},"featured_media":3641,"parent":0,"menu_order":0,"comment_status":"closed","ping_status":"closed","template":"","format":"standard","_links":{"self":[{"href":"https:\/\/museuflorestal.ambiente.sp.gov.br\/acervo\/wp-json\/wp\/v2\/tnc_col_329_item\/3640"}],"collection":[{"href":"https:\/\/museuflorestal.ambiente.sp.gov.br\/acervo\/wp-json\/wp\/v2\/tnc_col_329_item"}],"about":[{"href":"https:\/\/museuflorestal.ambiente.sp.gov.br\/acervo\/wp-json\/wp\/v2\/types\/tnc_col_329_item"}],"replies":[{"embeddable":true,"href":"https:\/\/museuflorestal.ambiente.sp.gov.br\/acervo\/wp-json\/wp\/v2\/comments?post=3640"}],"version-history":[{"count":0,"href":"https:\/\/museuflorestal.ambiente.sp.gov.br\/acervo\/wp-json\/wp\/v2\/tnc_col_329_item\/3640\/revisions"}],"wp:featuredmedia":[{"embeddable":true,"href":"https:\/\/museuflorestal.ambiente.sp.gov.br\/acervo\/wp-json\/wp\/v2\/media\/3641"}],"wp:attachment":[{"href":"https:\/\/museuflorestal.ambiente.sp.gov.br\/acervo\/wp-json\/wp\/v2\/media?parent=3640"}],"curies":[{"name":"wp","href":"https:\/\/api.w.org\/{rel}","templated":true}]}}

<p>Prancha em formato retangular, com alça em madeira torneada e encaixe para fixação de tacha. Possui uma das faces envernizada. Topo com o entalhe &#8220;M435&#8221;. Lateral oposta à alça com o código &#8220;MT-192&#8221; à caneta e inscrições a lápis. Base com furo.</p>
