{"id":3654,"date":"2021-11-30T13:09:13","date_gmt":"2021-11-30T15:09:13","guid":{"rendered":"https:\/\/museuflorestal.ambiente.sp.gov.br\/acervo\/?post_type=tnc_col_329_item&#038;p=3654"},"modified":"2021-11-30T13:09:15","modified_gmt":"2021-11-30T15:09:15","slug":"prancha-de-guaicara-2","status":"publish","type":"tnc_col_329_item","link":"https:\/\/museuflorestal.ambiente.sp.gov.br\/acervo\/museu-florestal-octavio-vecchi\/prancha-de-guaicara-2\/","title":{"rendered":"Prancha de guai\u00e7ara"},"content":{"rendered":"<p>Prancha em formato retangular, com al\u00e7a em madeira torneada e encaixe para fixa\u00e7\u00e3o de tacha. Possui uma das faces envernizada. Topo com o entalhe &#8220;M427&#8221;. Lateral oposta \u00e0 al\u00e7a com o c\u00f3digo &#8220;MT-184&#8221; \u00e0 caneta. Lateral da al\u00e7a com uma placa met\u00e1lica com a inscri\u00e7\u00e3o &#8220;Guaissara&#8221;.<\/p>\n","protected":false},"featured_media":3656,"parent":0,"menu_order":0,"comment_status":"closed","ping_status":"closed","template":"","format":"standard","_links":{"self":[{"href":"https:\/\/museuflorestal.ambiente.sp.gov.br\/acervo\/wp-json\/wp\/v2\/tnc_col_329_item\/3654"}],"collection":[{"href":"https:\/\/museuflorestal.ambiente.sp.gov.br\/acervo\/wp-json\/wp\/v2\/tnc_col_329_item"}],"about":[{"href":"https:\/\/museuflorestal.ambiente.sp.gov.br\/acervo\/wp-json\/wp\/v2\/types\/tnc_col_329_item"}],"replies":[{"embeddable":true,"href":"https:\/\/museuflorestal.ambiente.sp.gov.br\/acervo\/wp-json\/wp\/v2\/comments?post=3654"}],"version-history":[{"count":0,"href":"https:\/\/museuflorestal.ambiente.sp.gov.br\/acervo\/wp-json\/wp\/v2\/tnc_col_329_item\/3654\/revisions"}],"wp:featuredmedia":[{"embeddable":true,"href":"https:\/\/museuflorestal.ambiente.sp.gov.br\/acervo\/wp-json\/wp\/v2\/media\/3656"}],"wp:attachment":[{"href":"https:\/\/museuflorestal.ambiente.sp.gov.br\/acervo\/wp-json\/wp\/v2\/media?parent=3654"}],"curies":[{"name":"wp","href":"https:\/\/api.w.org\/{rel}","templated":true}]}}

Prancha de guaiçara

<p>Prancha em formato retangular, com alça em madeira torneada e encaixe para fixação de tacha. Possui uma das faces envernizada. Topo com o entalhe &#8220;M427&#8221;. Lateral oposta à alça com o código &#8220;MT-184&#8221; à caneta. Lateral da alça com uma placa metálica com a inscrição &#8220;Guaissara&#8221;.</p>
