{"id":3684,"date":"2021-11-30T13:09:47","date_gmt":"2021-11-30T15:09:47","guid":{"rendered":"https:\/\/museuflorestal.ambiente.sp.gov.br\/acervo\/?post_type=tnc_col_329_item&#038;p=3684"},"modified":"2021-11-30T13:09:48","modified_gmt":"2021-11-30T15:09:48","slug":"prancha-de-sucupira-amarela-2","status":"publish","type":"tnc_col_329_item","link":"https:\/\/museuflorestal.ambiente.sp.gov.br\/acervo\/museu-florestal-octavio-vecchi\/prancha-de-sucupira-amarela-2\/","title":{"rendered":"Prancha de sucupira-amarela"},"content":{"rendered":"<p>Prancha em formato retangular, com al\u00e7a em madeira torneada. Possui uma das faces envernizada. Topo com o entalhe &#8220;M359&#8221;. Lateral oposta \u00e0 al\u00e7a com o c\u00f3digo &#8220;MT-89&#8221; \u00e0 caneta e a inscri\u00e7\u00e3o a l\u00e1pis &#8220;Sucupira amarello&#8221;, &#8220;139&#8221;.<\/p>\n","protected":false},"featured_media":3686,"parent":0,"menu_order":0,"comment_status":"closed","ping_status":"closed","template":"","format":"standard","_links":{"self":[{"href":"https:\/\/museuflorestal.ambiente.sp.gov.br\/acervo\/wp-json\/wp\/v2\/tnc_col_329_item\/3684"}],"collection":[{"href":"https:\/\/museuflorestal.ambiente.sp.gov.br\/acervo\/wp-json\/wp\/v2\/tnc_col_329_item"}],"about":[{"href":"https:\/\/museuflorestal.ambiente.sp.gov.br\/acervo\/wp-json\/wp\/v2\/types\/tnc_col_329_item"}],"replies":[{"embeddable":true,"href":"https:\/\/museuflorestal.ambiente.sp.gov.br\/acervo\/wp-json\/wp\/v2\/comments?post=3684"}],"version-history":[{"count":0,"href":"https:\/\/museuflorestal.ambiente.sp.gov.br\/acervo\/wp-json\/wp\/v2\/tnc_col_329_item\/3684\/revisions"}],"wp:featuredmedia":[{"embeddable":true,"href":"https:\/\/museuflorestal.ambiente.sp.gov.br\/acervo\/wp-json\/wp\/v2\/media\/3686"}],"wp:attachment":[{"href":"https:\/\/museuflorestal.ambiente.sp.gov.br\/acervo\/wp-json\/wp\/v2\/media?parent=3684"}],"curies":[{"name":"wp","href":"https:\/\/api.w.org\/{rel}","templated":true}]}}

<p>Prancha em formato retangular, com alça em madeira torneada. Possui uma das faces envernizada. Topo com o entalhe &#8220;M359&#8221;. Lateral oposta à alça com o código &#8220;MT-89&#8221; à caneta e a inscrição a lápis &#8220;Sucupira amarello&#8221;, &#8220;139&#8221;.</p>
