{"id":3810,"date":"2021-11-30T13:13:23","date_gmt":"2021-11-30T15:13:23","guid":{"rendered":"https:\/\/museuflorestal.ambiente.sp.gov.br\/acervo\/?post_type=tnc_col_329_item&#038;p=3810"},"modified":"2021-11-30T13:13:25","modified_gmt":"2021-11-30T15:13:25","slug":"prancha-de-macaranduba-de-leite","status":"publish","type":"tnc_col_329_item","link":"https:\/\/museuflorestal.ambiente.sp.gov.br\/acervo\/museu-florestal-octavio-vecchi\/prancha-de-macaranduba-de-leite\/","title":{"rendered":"Prancha de ma\u00e7aranduba-de-leite"},"content":{"rendered":"<p>Prancha em formato retangular, com al\u00e7a em madeira torneada. Topo com o entalhe &#8220;M413&#8221;. Lateral oposta \u00e0 al\u00e7a com o c\u00f3digo &#8220;MT-172&#8221; \u00e0 caneta e as inscri\u00e7\u00f5es a l\u00e1pis &#8220;181&#8221;, &#8220;Massaranduba de leite&#8221;. Em uma das faces h\u00e1 uma etiqueta datilografada rasgada e apagada.<\/p>\n","protected":false},"featured_media":3811,"parent":0,"menu_order":0,"comment_status":"closed","ping_status":"closed","template":"","format":"standard","_links":{"self":[{"href":"https:\/\/museuflorestal.ambiente.sp.gov.br\/acervo\/wp-json\/wp\/v2\/tnc_col_329_item\/3810"}],"collection":[{"href":"https:\/\/museuflorestal.ambiente.sp.gov.br\/acervo\/wp-json\/wp\/v2\/tnc_col_329_item"}],"about":[{"href":"https:\/\/museuflorestal.ambiente.sp.gov.br\/acervo\/wp-json\/wp\/v2\/types\/tnc_col_329_item"}],"replies":[{"embeddable":true,"href":"https:\/\/museuflorestal.ambiente.sp.gov.br\/acervo\/wp-json\/wp\/v2\/comments?post=3810"}],"version-history":[{"count":0,"href":"https:\/\/museuflorestal.ambiente.sp.gov.br\/acervo\/wp-json\/wp\/v2\/tnc_col_329_item\/3810\/revisions"}],"wp:featuredmedia":[{"embeddable":true,"href":"https:\/\/museuflorestal.ambiente.sp.gov.br\/acervo\/wp-json\/wp\/v2\/media\/3811"}],"wp:attachment":[{"href":"https:\/\/museuflorestal.ambiente.sp.gov.br\/acervo\/wp-json\/wp\/v2\/media?parent=3810"}],"curies":[{"name":"wp","href":"https:\/\/api.w.org\/{rel}","templated":true}]}}

Prancha de maçaranduba-de-leite

<p>Prancha em formato retangular, com alça em madeira torneada. Topo com o entalhe &#8220;M413&#8221;. Lateral oposta à alça com o código &#8220;MT-172&#8221; à caneta e as inscrições a lápis &#8220;181&#8221;, &#8220;Massaranduba de leite&#8221;. Em uma das faces há uma etiqueta datilografada rasgada e apagada.</p>
