{"id":3929,"date":"2021-11-30T13:16:05","date_gmt":"2021-11-30T15:16:05","guid":{"rendered":"https:\/\/museuflorestal.ambiente.sp.gov.br\/acervo\/?post_type=tnc_col_329_item&#038;p=3929"},"modified":"2021-11-30T13:16:08","modified_gmt":"2021-11-30T15:16:08","slug":"prancha-de-guarita-rajado","status":"publish","type":"tnc_col_329_item","link":"https:\/\/museuflorestal.ambiente.sp.gov.br\/acervo\/museu-florestal-octavio-vecchi\/prancha-de-guarita-rajado\/","title":{"rendered":"Prancha de guarit\u00e1-rajado"},"content":{"rendered":"<p>Prancha em formato retangular, com al\u00e7a em madeira torneada. Possui uma das faces envernizada. Topo com entalhe &#8220;M402&#8221;. Lateral oposta \u00e0 al\u00e7a com o c\u00f3digo &#8220;MT-163&#8221; \u00e0 caneta.<\/p>\n","protected":false},"featured_media":3930,"parent":0,"menu_order":0,"comment_status":"closed","ping_status":"closed","template":"","format":"standard","_links":{"self":[{"href":"https:\/\/museuflorestal.ambiente.sp.gov.br\/acervo\/wp-json\/wp\/v2\/tnc_col_329_item\/3929"}],"collection":[{"href":"https:\/\/museuflorestal.ambiente.sp.gov.br\/acervo\/wp-json\/wp\/v2\/tnc_col_329_item"}],"about":[{"href":"https:\/\/museuflorestal.ambiente.sp.gov.br\/acervo\/wp-json\/wp\/v2\/types\/tnc_col_329_item"}],"replies":[{"embeddable":true,"href":"https:\/\/museuflorestal.ambiente.sp.gov.br\/acervo\/wp-json\/wp\/v2\/comments?post=3929"}],"version-history":[{"count":0,"href":"https:\/\/museuflorestal.ambiente.sp.gov.br\/acervo\/wp-json\/wp\/v2\/tnc_col_329_item\/3929\/revisions"}],"wp:featuredmedia":[{"embeddable":true,"href":"https:\/\/museuflorestal.ambiente.sp.gov.br\/acervo\/wp-json\/wp\/v2\/media\/3930"}],"wp:attachment":[{"href":"https:\/\/museuflorestal.ambiente.sp.gov.br\/acervo\/wp-json\/wp\/v2\/media?parent=3929"}],"curies":[{"name":"wp","href":"https:\/\/api.w.org\/{rel}","templated":true}]}}

Prancha de guaritá-rajado

<p>Prancha em formato retangular, com alça em madeira torneada. Possui uma das faces envernizada. Topo com entalhe &#8220;M402&#8221;. Lateral oposta à alça com o código &#8220;MT-163&#8221; à caneta.</p>
