{"id":3986,"date":"2021-11-30T13:17:47","date_gmt":"2021-11-30T15:17:47","guid":{"rendered":"https:\/\/museuflorestal.ambiente.sp.gov.br\/acervo\/?post_type=tnc_col_329_item&#038;p=3986"},"modified":"2021-11-30T13:17:50","modified_gmt":"2021-11-30T15:17:50","slug":"prancha-de-amarelinho","status":"publish","type":"tnc_col_329_item","link":"https:\/\/museuflorestal.ambiente.sp.gov.br\/acervo\/museu-florestal-octavio-vecchi\/prancha-de-amarelinho\/","title":{"rendered":"Prancha de amarelinho"},"content":{"rendered":"<p>Prancha em formato retangular, com al\u00e7a em madeira torneada e encaixe para fixa\u00e7\u00e3o de tacha. Possui uma das faces envernizada. Topo com o entalhe &#8220;M429&#8221;. Lateral oposta \u00e0 al\u00e7a com o c\u00f3digo &#8220;MT-186&#8221; \u00e0 caneta e as inscri\u00e7\u00f5es a l\u00e1pis &#8220;JM n. 322&#8221;, &#8220;Jequitib\u00e1 vermelho&#8221;. Base com furo. Lateral da al\u00e7a com placa met\u00e1lica com a inscri\u00e7\u00e3o &#8220;Amarellinho&#8221;.<\/p>\n","protected":false},"featured_media":3988,"parent":0,"menu_order":0,"comment_status":"closed","ping_status":"closed","template":"","format":"standard","_links":{"self":[{"href":"https:\/\/museuflorestal.ambiente.sp.gov.br\/acervo\/wp-json\/wp\/v2\/tnc_col_329_item\/3986"}],"collection":[{"href":"https:\/\/museuflorestal.ambiente.sp.gov.br\/acervo\/wp-json\/wp\/v2\/tnc_col_329_item"}],"about":[{"href":"https:\/\/museuflorestal.ambiente.sp.gov.br\/acervo\/wp-json\/wp\/v2\/types\/tnc_col_329_item"}],"replies":[{"embeddable":true,"href":"https:\/\/museuflorestal.ambiente.sp.gov.br\/acervo\/wp-json\/wp\/v2\/comments?post=3986"}],"version-history":[{"count":0,"href":"https:\/\/museuflorestal.ambiente.sp.gov.br\/acervo\/wp-json\/wp\/v2\/tnc_col_329_item\/3986\/revisions"}],"wp:featuredmedia":[{"embeddable":true,"href":"https:\/\/museuflorestal.ambiente.sp.gov.br\/acervo\/wp-json\/wp\/v2\/media\/3988"}],"wp:attachment":[{"href":"https:\/\/museuflorestal.ambiente.sp.gov.br\/acervo\/wp-json\/wp\/v2\/media?parent=3986"}],"curies":[{"name":"wp","href":"https:\/\/api.w.org\/{rel}","templated":true}]}}

<p>Prancha em formato retangular, com alça em madeira torneada e encaixe para fixação de tacha. Possui uma das faces envernizada. Topo com o entalhe &#8220;M429&#8221;. Lateral oposta à alça com o código &#8220;MT-186&#8221; à caneta e as inscrições a lápis &#8220;JM n. 322&#8221;, &#8220;Jequitibá vermelho&#8221;. Base com furo. Lateral da alça com placa metálica com a inscrição &#8220;Amarellinho&#8221;.</p>
