{"id":4058,"date":"2021-11-30T13:19:57","date_gmt":"2021-11-30T15:19:57","guid":{"rendered":"https:\/\/museuflorestal.ambiente.sp.gov.br\/acervo\/?post_type=tnc_col_329_item&#038;p=4058"},"modified":"2021-11-30T13:19:58","modified_gmt":"2021-11-30T15:19:58","slug":"prancha-de-guamirim-vermelho-2","status":"publish","type":"tnc_col_329_item","link":"https:\/\/museuflorestal.ambiente.sp.gov.br\/acervo\/museu-florestal-octavio-vecchi\/prancha-de-guamirim-vermelho-2\/","title":{"rendered":"Prancha de guamirim-vermelho"},"content":{"rendered":"<p>Prancha em formato retangular, com al\u00e7a em madeira torneada e encaixe para fixa\u00e7\u00e3o de tacha. Possui uma das faces envernizada. Topo com o entalhe &#8220;M408&#8221;. Lateral oposta \u00e0 al\u00e7a com o c\u00f3digo &#8220;MT-167&#8221; \u00e0 caneta e as inscri\u00e7\u00f5es a l\u00e1pis &#8220;Guamirim vermelho&#8221;, &#8220;102&#8221;, &#8220;JM n. 281&#8221;, &#8220;158&#8221;. Base com furo. Face envernizada com uma etiqueta datilografada com a inscri\u00e7\u00e3o &#8220;408 Guamirim-vermelho, Eugenia sp myrtaceae&#8221;.<\/p>\n","protected":false},"featured_media":4062,"parent":0,"menu_order":0,"comment_status":"closed","ping_status":"closed","template":"","format":"standard","_links":{"self":[{"href":"https:\/\/museuflorestal.ambiente.sp.gov.br\/acervo\/wp-json\/wp\/v2\/tnc_col_329_item\/4058"}],"collection":[{"href":"https:\/\/museuflorestal.ambiente.sp.gov.br\/acervo\/wp-json\/wp\/v2\/tnc_col_329_item"}],"about":[{"href":"https:\/\/museuflorestal.ambiente.sp.gov.br\/acervo\/wp-json\/wp\/v2\/types\/tnc_col_329_item"}],"replies":[{"embeddable":true,"href":"https:\/\/museuflorestal.ambiente.sp.gov.br\/acervo\/wp-json\/wp\/v2\/comments?post=4058"}],"version-history":[{"count":0,"href":"https:\/\/museuflorestal.ambiente.sp.gov.br\/acervo\/wp-json\/wp\/v2\/tnc_col_329_item\/4058\/revisions"}],"wp:featuredmedia":[{"embeddable":true,"href":"https:\/\/museuflorestal.ambiente.sp.gov.br\/acervo\/wp-json\/wp\/v2\/media\/4062"}],"wp:attachment":[{"href":"https:\/\/museuflorestal.ambiente.sp.gov.br\/acervo\/wp-json\/wp\/v2\/media?parent=4058"}],"curies":[{"name":"wp","href":"https:\/\/api.w.org\/{rel}","templated":true}]}}

<p>Prancha em formato retangular, com alça em madeira torneada e encaixe para fixação de tacha. Possui uma das faces envernizada. Topo com o entalhe &#8220;M408&#8221;. Lateral oposta à alça com o código &#8220;MT-167&#8221; à caneta e as inscrições a lápis &#8220;Guamirim vermelho&#8221;, &#8220;102&#8221;, &#8220;JM n. 281&#8221;, &#8220;158&#8221;. Base com furo. Face envernizada com uma etiqueta datilografada com a inscrição &#8220;408 Guamirim-vermelho, Eugenia sp myrtaceae&#8221;.</p>
