{"id":4080,"date":"2021-11-30T13:19:59","date_gmt":"2021-11-30T15:19:59","guid":{"rendered":"https:\/\/museuflorestal.ambiente.sp.gov.br\/acervo\/?post_type=tnc_col_329_item&#038;p=4080"},"modified":"2021-11-30T13:20:02","modified_gmt":"2021-11-30T15:20:02","slug":"prancha-de-pau-de-colher","status":"publish","type":"tnc_col_329_item","link":"https:\/\/museuflorestal.ambiente.sp.gov.br\/acervo\/museu-florestal-octavio-vecchi\/prancha-de-pau-de-colher\/","title":{"rendered":"Prancha de pau-de-colher"},"content":{"rendered":"<p>Prancha em formato retangular, com al\u00e7a em madeira torneada e encaixe para fixa\u00e7\u00e3o de tacha. Possui uma das faces envernizada. Topo com o entalhe &#8220;M401&#8221;. Lateral oposta \u00e0 al\u00e7a com o c\u00f3digo &#8220;MT-162&#8221; \u00e0 caneta e as inscri\u00e7\u00f5es a l\u00e1pis &#8220;Colhereiro&#8221;, &#8220;188&#8221;, &#8220;JM n. 311&#8221;, &#8220;Pau de colher&#8221;. Base com furo. Face envernizada com uma etiqueta datilografada.<\/p>\n","protected":false},"featured_media":4081,"parent":0,"menu_order":0,"comment_status":"closed","ping_status":"closed","template":"","format":"standard","_links":{"self":[{"href":"https:\/\/museuflorestal.ambiente.sp.gov.br\/acervo\/wp-json\/wp\/v2\/tnc_col_329_item\/4080"}],"collection":[{"href":"https:\/\/museuflorestal.ambiente.sp.gov.br\/acervo\/wp-json\/wp\/v2\/tnc_col_329_item"}],"about":[{"href":"https:\/\/museuflorestal.ambiente.sp.gov.br\/acervo\/wp-json\/wp\/v2\/types\/tnc_col_329_item"}],"replies":[{"embeddable":true,"href":"https:\/\/museuflorestal.ambiente.sp.gov.br\/acervo\/wp-json\/wp\/v2\/comments?post=4080"}],"version-history":[{"count":0,"href":"https:\/\/museuflorestal.ambiente.sp.gov.br\/acervo\/wp-json\/wp\/v2\/tnc_col_329_item\/4080\/revisions"}],"wp:featuredmedia":[{"embeddable":true,"href":"https:\/\/museuflorestal.ambiente.sp.gov.br\/acervo\/wp-json\/wp\/v2\/media\/4081"}],"wp:attachment":[{"href":"https:\/\/museuflorestal.ambiente.sp.gov.br\/acervo\/wp-json\/wp\/v2\/media?parent=4080"}],"curies":[{"name":"wp","href":"https:\/\/api.w.org\/{rel}","templated":true}]}}

<p>Prancha em formato retangular, com alça em madeira torneada e encaixe para fixação de tacha. Possui uma das faces envernizada. Topo com o entalhe &#8220;M401&#8221;. Lateral oposta à alça com o código &#8220;MT-162&#8221; à caneta e as inscrições a lápis &#8220;Colhereiro&#8221;, &#8220;188&#8221;, &#8220;JM n. 311&#8221;, &#8220;Pau de colher&#8221;. Base com furo. Face envernizada com uma etiqueta datilografada.</p>
