{"id":4115,"date":"2021-11-30T13:21:03","date_gmt":"2021-11-30T15:21:03","guid":{"rendered":"https:\/\/museuflorestal.ambiente.sp.gov.br\/acervo\/?post_type=tnc_col_329_item&#038;p=4115"},"modified":"2021-11-30T13:21:06","modified_gmt":"2021-11-30T15:21:06","slug":"prancha-de-ipe-roxo","status":"publish","type":"tnc_col_329_item","link":"https:\/\/museuflorestal.ambiente.sp.gov.br\/acervo\/museu-florestal-octavio-vecchi\/prancha-de-ipe-roxo\/","title":{"rendered":"Prancha de ip\u00ea-roxo"},"content":{"rendered":"<p>Prancha em formato retangular, com al\u00e7a em madeira torneada e encaixe para fixa\u00e7\u00e3o de tacha. Possui uma das faces envernizada. Topo com o entalhe &#8220;M388&#8221;. Lateral oposta \u00e0 al\u00e7a com o c\u00f3digo &#8220;MT-152&#8221; \u00e0 caneta e em adesivo, e inscri\u00e7\u00f5es a l\u00e1pis. Face envernizada com uma etiqueta datilografada com a inscri\u00e7\u00e3o &#8220;388 Ip\u00ea-roxo, Tabebuia sp bignoniaceae&#8221;.<\/p>\n","protected":false},"featured_media":4118,"parent":0,"menu_order":0,"comment_status":"closed","ping_status":"closed","template":"","format":"standard","_links":{"self":[{"href":"https:\/\/museuflorestal.ambiente.sp.gov.br\/acervo\/wp-json\/wp\/v2\/tnc_col_329_item\/4115"}],"collection":[{"href":"https:\/\/museuflorestal.ambiente.sp.gov.br\/acervo\/wp-json\/wp\/v2\/tnc_col_329_item"}],"about":[{"href":"https:\/\/museuflorestal.ambiente.sp.gov.br\/acervo\/wp-json\/wp\/v2\/types\/tnc_col_329_item"}],"replies":[{"embeddable":true,"href":"https:\/\/museuflorestal.ambiente.sp.gov.br\/acervo\/wp-json\/wp\/v2\/comments?post=4115"}],"version-history":[{"count":0,"href":"https:\/\/museuflorestal.ambiente.sp.gov.br\/acervo\/wp-json\/wp\/v2\/tnc_col_329_item\/4115\/revisions"}],"wp:featuredmedia":[{"embeddable":true,"href":"https:\/\/museuflorestal.ambiente.sp.gov.br\/acervo\/wp-json\/wp\/v2\/media\/4118"}],"wp:attachment":[{"href":"https:\/\/museuflorestal.ambiente.sp.gov.br\/acervo\/wp-json\/wp\/v2\/media?parent=4115"}],"curies":[{"name":"wp","href":"https:\/\/api.w.org\/{rel}","templated":true}]}}

Prancha de ipê-roxo

<p>Prancha em formato retangular, com alça em madeira torneada e encaixe para fixação de tacha. Possui uma das faces envernizada. Topo com o entalhe &#8220;M388&#8221;. Lateral oposta à alça com o código &#8220;MT-152&#8221; à caneta e em adesivo, e inscrições a lápis. Face envernizada com uma etiqueta datilografada com a inscrição &#8220;388 Ipê-roxo, Tabebuia sp bignoniaceae&#8221;.</p>
