{"id":4689,"date":"2021-11-30T13:37:01","date_gmt":"2021-11-30T15:37:01","guid":{"rendered":"https:\/\/museuflorestal.ambiente.sp.gov.br\/acervo\/?post_type=tnc_col_329_item&#038;p=4689"},"modified":"2021-11-30T13:37:04","modified_gmt":"2021-11-30T15:37:04","slug":"prancha-de-carvalho-brasileiro-2","status":"publish","type":"tnc_col_329_item","link":"https:\/\/museuflorestal.ambiente.sp.gov.br\/acervo\/museu-florestal-octavio-vecchi\/prancha-de-carvalho-brasileiro-2\/","title":{"rendered":"Prancha de carvalho-brasileiro"},"content":{"rendered":"<p>Prancha em formato retangular, com al\u00e7a em madeira torneada e encaixe para fixa\u00e7\u00e3o de tacha. Possui uma das faces envernizada com entalhe de galho, folhagem, sementes e o ano 1937. Topo com o entalhe &#8220;M261&#8221;. Lateral oposta \u00e0 al\u00e7a com o c\u00f3digo &#8220;MT-14&#8221; \u00e0 caneta, inscri\u00e7\u00f5es a l\u00e1pis e uma etiqueta com a marca\u00e7\u00e3o &#8220;Carvalho-brasileiro, Nome cient\u00edfico: Roupala brasiliensis klotz. , Fam\u00edlia: Proteaceae&#8221;.<\/p>\n","protected":false},"featured_media":4692,"parent":0,"menu_order":0,"comment_status":"closed","ping_status":"closed","template":"","format":"standard","_links":{"self":[{"href":"https:\/\/museuflorestal.ambiente.sp.gov.br\/acervo\/wp-json\/wp\/v2\/tnc_col_329_item\/4689"}],"collection":[{"href":"https:\/\/museuflorestal.ambiente.sp.gov.br\/acervo\/wp-json\/wp\/v2\/tnc_col_329_item"}],"about":[{"href":"https:\/\/museuflorestal.ambiente.sp.gov.br\/acervo\/wp-json\/wp\/v2\/types\/tnc_col_329_item"}],"replies":[{"embeddable":true,"href":"https:\/\/museuflorestal.ambiente.sp.gov.br\/acervo\/wp-json\/wp\/v2\/comments?post=4689"}],"version-history":[{"count":0,"href":"https:\/\/museuflorestal.ambiente.sp.gov.br\/acervo\/wp-json\/wp\/v2\/tnc_col_329_item\/4689\/revisions"}],"wp:featuredmedia":[{"embeddable":true,"href":"https:\/\/museuflorestal.ambiente.sp.gov.br\/acervo\/wp-json\/wp\/v2\/media\/4692"}],"wp:attachment":[{"href":"https:\/\/museuflorestal.ambiente.sp.gov.br\/acervo\/wp-json\/wp\/v2\/media?parent=4689"}],"curies":[{"name":"wp","href":"https:\/\/api.w.org\/{rel}","templated":true}]}}

<p>Prancha em formato retangular, com alça em madeira torneada e encaixe para fixação de tacha. Possui uma das faces envernizada com entalhe de galho, folhagem, sementes e o ano 1937. Topo com o entalhe &#8220;M261&#8221;. Lateral oposta à alça com o código &#8220;MT-14&#8221; à caneta, inscrições a lápis e uma etiqueta com a marcação &#8220;Carvalho-brasileiro, Nome científico: Roupala brasiliensis klotz. , Família: Proteaceae&#8221;.</p>
