{"id":4895,"date":"2021-11-30T13:42:44","date_gmt":"2021-11-30T15:42:44","guid":{"rendered":"https:\/\/museuflorestal.ambiente.sp.gov.br\/acervo\/?post_type=tnc_col_329_item&#038;p=4895"},"modified":"2021-11-30T13:42:46","modified_gmt":"2021-11-30T15:42:46","slug":"prancha-de-oleo-de-copaiba","status":"publish","type":"tnc_col_329_item","link":"https:\/\/museuflorestal.ambiente.sp.gov.br\/acervo\/museu-florestal-octavio-vecchi\/prancha-de-oleo-de-copaiba\/","title":{"rendered":"Prancha de \u00f3leo-de-copa\u00edba"},"content":{"rendered":"<p>Prancha em formato retangular, com al\u00e7a em madeira torneada e encaixe para fixa\u00e7\u00e3o de tacha. Possui uma das faces envernizada com entalhe de galho, folhagem, sementes e o ano 1942. Topo com o entalhe &#8220;M350&#8221;. Lateral oposta \u00e0 al\u00e7a com o c\u00f3digo &#8220;MT-73&#8221; \u00e0 caneta, inscri\u00e7\u00f5es \u00e0 l\u00e1pis e etiqueta com a marca\u00e7\u00e3o &#8220;\u00d3leo-de-copa\u00edba, Nome cient\u00edfico: Copaifera langsdorffii desf. , Fam\u00edlia: Leguminosae &#8211; caesalpinoideae&#8221;. Base com furo.<\/p>\n","protected":false},"featured_media":4898,"parent":0,"menu_order":0,"comment_status":"closed","ping_status":"closed","template":"","format":"standard","_links":{"self":[{"href":"https:\/\/museuflorestal.ambiente.sp.gov.br\/acervo\/wp-json\/wp\/v2\/tnc_col_329_item\/4895"}],"collection":[{"href":"https:\/\/museuflorestal.ambiente.sp.gov.br\/acervo\/wp-json\/wp\/v2\/tnc_col_329_item"}],"about":[{"href":"https:\/\/museuflorestal.ambiente.sp.gov.br\/acervo\/wp-json\/wp\/v2\/types\/tnc_col_329_item"}],"replies":[{"embeddable":true,"href":"https:\/\/museuflorestal.ambiente.sp.gov.br\/acervo\/wp-json\/wp\/v2\/comments?post=4895"}],"version-history":[{"count":0,"href":"https:\/\/museuflorestal.ambiente.sp.gov.br\/acervo\/wp-json\/wp\/v2\/tnc_col_329_item\/4895\/revisions"}],"wp:featuredmedia":[{"embeddable":true,"href":"https:\/\/museuflorestal.ambiente.sp.gov.br\/acervo\/wp-json\/wp\/v2\/media\/4898"}],"wp:attachment":[{"href":"https:\/\/museuflorestal.ambiente.sp.gov.br\/acervo\/wp-json\/wp\/v2\/media?parent=4895"}],"curies":[{"name":"wp","href":"https:\/\/api.w.org\/{rel}","templated":true}]}}

Prancha de óleo-de-copaíba

<p>Prancha em formato retangular, com alça em madeira torneada e encaixe para fixação de tacha. Possui uma das faces envernizada com entalhe de galho, folhagem, sementes e o ano 1942. Topo com o entalhe &#8220;M350&#8221;. Lateral oposta à alça com o código &#8220;MT-73&#8221; à caneta, inscrições à lápis e etiqueta com a marcação &#8220;Óleo-de-copaíba, Nome científico: Copaifera langsdorffii desf. , Família: Leguminosae &#8211; caesalpinoideae&#8221;. Base com furo.</p>
