{"id":501,"date":"2021-11-30T11:44:20","date_gmt":"2021-11-30T13:44:20","guid":{"rendered":"https:\/\/museuflorestal.ambiente.sp.gov.br\/acervo\/?post_type=tnc_col_329_item&#038;p=501"},"modified":"2021-11-30T11:44:22","modified_gmt":"2021-11-30T13:44:22","slug":"sede-do-museu-florestal-octavio-vecchi","status":"publish","type":"tnc_col_329_item","link":"https:\/\/museuflorestal.ambiente.sp.gov.br\/acervo\/museu-florestal-octavio-vecchi\/sede-do-museu-florestal-octavio-vecchi\/","title":{"rendered":"Sede do Museu Florestal Oct\u00e1vio Vecchi"},"content":{"rendered":"<p>Pr\u00e9dio em estilo neocl\u00e1ssico, com dois pavimentos, na cor amarela. A entrada principal possui escadaria central de m\u00e1rmore, recuo e duas sali\u00eancias. Terra\u00e7o com tr\u00eas arcos, com front\u00e3o curvo. Nas sali\u00eancias, as janelas possuem molduras brancas e falsas colunas tamb\u00e9m brancas. No telhado h\u00e1 beirais com \u201ccachorros\u201d decorativos em madeira e \u201candorinhas\u201d. As fachadas laterais s\u00e3o mais simples em compara\u00e7\u00e3o a principal, com doze aberturas em cada lado. No piso superior, que se referem aos vitrais, tem moldura em arco, enquanto as do piso inferior tem formato retangular gradeado. Na fachada posterior, no piso superior, as janelas dos cantos seguem a moldura da fachada principal, enquanto as do centro s\u00e3o simples. No piso inferior, se mantem a simetria, por\u00e9m com janelas redondas e portas (PRIEDOLS, 2011). No interior, o andar superior segue a disposi\u00e7\u00e3o original, com quatro salas e um hall. No andar inferior, existem sete espa\u00e7os. Sendo eles de uso geral para exposi\u00e7\u00f5es tempor\u00e1rias, administra\u00e7\u00e3o, reserva t\u00e9cnica, copa e banheiros.<\/p>\n","protected":false},"featured_media":514,"parent":0,"menu_order":0,"comment_status":"closed","ping_status":"closed","template":"","format":"standard","_links":{"self":[{"href":"https:\/\/museuflorestal.ambiente.sp.gov.br\/acervo\/wp-json\/wp\/v2\/tnc_col_329_item\/501"}],"collection":[{"href":"https:\/\/museuflorestal.ambiente.sp.gov.br\/acervo\/wp-json\/wp\/v2\/tnc_col_329_item"}],"about":[{"href":"https:\/\/museuflorestal.ambiente.sp.gov.br\/acervo\/wp-json\/wp\/v2\/types\/tnc_col_329_item"}],"replies":[{"embeddable":true,"href":"https:\/\/museuflorestal.ambiente.sp.gov.br\/acervo\/wp-json\/wp\/v2\/comments?post=501"}],"version-history":[{"count":0,"href":"https:\/\/museuflorestal.ambiente.sp.gov.br\/acervo\/wp-json\/wp\/v2\/tnc_col_329_item\/501\/revisions"}],"wp:featuredmedia":[{"embeddable":true,"href":"https:\/\/museuflorestal.ambiente.sp.gov.br\/acervo\/wp-json\/wp\/v2\/media\/514"}],"wp:attachment":[{"href":"https:\/\/museuflorestal.ambiente.sp.gov.br\/acervo\/wp-json\/wp\/v2\/media?parent=501"}],"curies":[{"name":"wp","href":"https:\/\/api.w.org\/{rel}","templated":true}]}}

Sede do Museu Florestal Octávio Vecchi

<p>Prédio em estilo neoclássico, com dois pavimentos, na cor amarela. A entrada principal possui escadaria central de mármore, recuo e duas saliências. Terraço com três arcos, com frontão curvo. Nas saliências, as janelas possuem molduras brancas e falsas colunas também brancas. No telhado há beirais com “cachorros” decorativos em madeira e “andorinhas”. As fachadas laterais são mais simples em comparação a principal, com doze aberturas em cada lado. No piso superior, que se referem aos vitrais, tem moldura em arco, enquanto as do piso inferior tem formato retangular gradeado. Na fachada posterior, no piso superior, as janelas dos cantos seguem a moldura da fachada principal, enquanto as do centro são simples. No piso inferior, se mantem a simetria, porém com janelas redondas e portas (PRIEDOLS, 2011). No interior, o andar superior segue a disposição original, com quatro salas e um hall. No andar inferior, existem sete espaços. Sendo eles de uso geral para exposições temporárias, administração, reserva técnica, copa e banheiros.</p>
