{"id":5070,"date":"2021-11-30T13:47:51","date_gmt":"2021-11-30T15:47:51","guid":{"rendered":"https:\/\/museuflorestal.ambiente.sp.gov.br\/acervo\/?post_type=tnc_col_329_item&#038;p=5070"},"modified":"2021-11-30T13:47:54","modified_gmt":"2021-11-30T15:47:54","slug":"prancha-de-faveiro","status":"publish","type":"tnc_col_329_item","link":"https:\/\/museuflorestal.ambiente.sp.gov.br\/acervo\/museu-florestal-octavio-vecchi\/prancha-de-faveiro\/","title":{"rendered":"Prancha de faveiro"},"content":{"rendered":"<p>Prancha em formato retangular, com al\u00e7a em madeira torneada e encaixe para fixa\u00e7\u00e3o de tacha. Possui uma das faces envernizada com entalhe de galho, folhagem, sementes e o ano 1938. Topo com o entalhe &#8220;M295&#8221;. Lateral oposta \u00e0 al\u00e7a com o c\u00f3digo &#8220;MT-44&#8221; \u00e0 caneta, inscri\u00e7\u00f5es a l\u00e1pis e etiqueta com a marca\u00e7\u00e3o &#8220;Faveiro, Nome cient\u00edfico: Pterofon emarginatus vog. , Fam\u00edlia: Leguminosae &#8211; papilionoideae&#8221;. Base com furo.<\/p>\n","protected":false},"featured_media":5073,"parent":0,"menu_order":0,"comment_status":"closed","ping_status":"closed","template":"","format":"standard","_links":{"self":[{"href":"https:\/\/museuflorestal.ambiente.sp.gov.br\/acervo\/wp-json\/wp\/v2\/tnc_col_329_item\/5070"}],"collection":[{"href":"https:\/\/museuflorestal.ambiente.sp.gov.br\/acervo\/wp-json\/wp\/v2\/tnc_col_329_item"}],"about":[{"href":"https:\/\/museuflorestal.ambiente.sp.gov.br\/acervo\/wp-json\/wp\/v2\/types\/tnc_col_329_item"}],"replies":[{"embeddable":true,"href":"https:\/\/museuflorestal.ambiente.sp.gov.br\/acervo\/wp-json\/wp\/v2\/comments?post=5070"}],"version-history":[{"count":0,"href":"https:\/\/museuflorestal.ambiente.sp.gov.br\/acervo\/wp-json\/wp\/v2\/tnc_col_329_item\/5070\/revisions"}],"wp:featuredmedia":[{"embeddable":true,"href":"https:\/\/museuflorestal.ambiente.sp.gov.br\/acervo\/wp-json\/wp\/v2\/media\/5073"}],"wp:attachment":[{"href":"https:\/\/museuflorestal.ambiente.sp.gov.br\/acervo\/wp-json\/wp\/v2\/media?parent=5070"}],"curies":[{"name":"wp","href":"https:\/\/api.w.org\/{rel}","templated":true}]}}

<p>Prancha em formato retangular, com alça em madeira torneada e encaixe para fixação de tacha. Possui uma das faces envernizada com entalhe de galho, folhagem, sementes e o ano 1938. Topo com o entalhe &#8220;M295&#8221;. Lateral oposta à alça com o código &#8220;MT-44&#8221; à caneta, inscrições a lápis e etiqueta com a marcação &#8220;Faveiro, Nome científico: Pterofon emarginatus vog. , Família: Leguminosae &#8211; papilionoideae&#8221;. Base com furo.</p>
