{"id":5225,"date":"2021-11-30T13:52:24","date_gmt":"2021-11-30T15:52:24","guid":{"rendered":"https:\/\/museuflorestal.ambiente.sp.gov.br\/acervo\/?post_type=tnc_col_329_item&#038;p=5225"},"modified":"2021-11-30T13:52:27","modified_gmt":"2021-11-30T15:52:27","slug":"prancha-de-guatambu-do-miudo","status":"publish","type":"tnc_col_329_item","link":"https:\/\/museuflorestal.ambiente.sp.gov.br\/acervo\/museu-florestal-octavio-vecchi\/prancha-de-guatambu-do-miudo\/","title":{"rendered":"Prancha de guatambu-do-mi\u00fado"},"content":{"rendered":"<p>Prancha em formato retangular, com al\u00e7a em madeira torneada e encaixe para fixa\u00e7\u00e3o de tacha. Possui uma das faces envernizada com entalhe de galho, folhagem, sementes e o ano 1937. Topo com o entalhe: &#8220;M278&#8221;. Lateral oposta \u00e0 al\u00e7a com o c\u00f3digo &#8220;MT-29&#8221; \u00e0 caneta, inscri\u00e7\u00e3o a l\u00e1pis, e etiqueta com a marca\u00e7\u00e3o &#8220;Guatambu-do-mi\u00fado (guatambu-rosa), Nome cient\u00edfico: Aspidosperma parvifolium a. dc. , Fam\u00edlia: Apocynaceae&#8221;. Base com furo.<\/p>\n","protected":false},"featured_media":5229,"parent":0,"menu_order":0,"comment_status":"closed","ping_status":"closed","template":"","format":"standard","_links":{"self":[{"href":"https:\/\/museuflorestal.ambiente.sp.gov.br\/acervo\/wp-json\/wp\/v2\/tnc_col_329_item\/5225"}],"collection":[{"href":"https:\/\/museuflorestal.ambiente.sp.gov.br\/acervo\/wp-json\/wp\/v2\/tnc_col_329_item"}],"about":[{"href":"https:\/\/museuflorestal.ambiente.sp.gov.br\/acervo\/wp-json\/wp\/v2\/types\/tnc_col_329_item"}],"replies":[{"embeddable":true,"href":"https:\/\/museuflorestal.ambiente.sp.gov.br\/acervo\/wp-json\/wp\/v2\/comments?post=5225"}],"version-history":[{"count":0,"href":"https:\/\/museuflorestal.ambiente.sp.gov.br\/acervo\/wp-json\/wp\/v2\/tnc_col_329_item\/5225\/revisions"}],"wp:featuredmedia":[{"embeddable":true,"href":"https:\/\/museuflorestal.ambiente.sp.gov.br\/acervo\/wp-json\/wp\/v2\/media\/5229"}],"wp:attachment":[{"href":"https:\/\/museuflorestal.ambiente.sp.gov.br\/acervo\/wp-json\/wp\/v2\/media?parent=5225"}],"curies":[{"name":"wp","href":"https:\/\/api.w.org\/{rel}","templated":true}]}}

Prancha de guatambu-do-miúdo

<p>Prancha em formato retangular, com alça em madeira torneada e encaixe para fixação de tacha. Possui uma das faces envernizada com entalhe de galho, folhagem, sementes e o ano 1937. Topo com o entalhe: &#8220;M278&#8221;. Lateral oposta à alça com o código &#8220;MT-29&#8221; à caneta, inscrição a lápis, e etiqueta com a marcação &#8220;Guatambu-do-miúdo (guatambu-rosa), Nome científico: Aspidosperma parvifolium a. dc. , Família: Apocynaceae&#8221;. Base com furo.</p>
