{"id":5265,"date":"2021-11-30T13:53:23","date_gmt":"2021-11-30T15:53:23","guid":{"rendered":"https:\/\/museuflorestal.ambiente.sp.gov.br\/acervo\/?post_type=tnc_col_329_item&#038;p=5265"},"modified":"2021-11-30T13:53:25","modified_gmt":"2021-11-30T15:53:25","slug":"prancha-de-gumbijava-2","status":"publish","type":"tnc_col_329_item","link":"https:\/\/museuflorestal.ambiente.sp.gov.br\/acervo\/museu-florestal-octavio-vecchi\/prancha-de-gumbijava-2\/","title":{"rendered":"Prancha de gumbijava"},"content":{"rendered":"<p>Prancha em formato retangular, com al\u00e7a em madeira torneada e encaixe para fixa\u00e7\u00e3o de tacha. Possui uma das faces envernizada com entalhe de galho, folhagem, sementes e o ano 1937. Topo com o entalhe: &#8220;M246&#8221;. Lateral oposta \u00e0 al\u00e7a com o c\u00f3digo &#8220;MT-5&#8221; \u00e0 caneta, as inscri\u00e7\u00f5es a l\u00e1pis &#8220;153&#8221;, &#8220;Gumbijava&#8221;, &#8220;54&#8221;, &#8220;4c&#8221;.<\/p>\n","protected":false},"featured_media":5266,"parent":0,"menu_order":0,"comment_status":"closed","ping_status":"closed","template":"","format":"standard","_links":{"self":[{"href":"https:\/\/museuflorestal.ambiente.sp.gov.br\/acervo\/wp-json\/wp\/v2\/tnc_col_329_item\/5265"}],"collection":[{"href":"https:\/\/museuflorestal.ambiente.sp.gov.br\/acervo\/wp-json\/wp\/v2\/tnc_col_329_item"}],"about":[{"href":"https:\/\/museuflorestal.ambiente.sp.gov.br\/acervo\/wp-json\/wp\/v2\/types\/tnc_col_329_item"}],"replies":[{"embeddable":true,"href":"https:\/\/museuflorestal.ambiente.sp.gov.br\/acervo\/wp-json\/wp\/v2\/comments?post=5265"}],"version-history":[{"count":0,"href":"https:\/\/museuflorestal.ambiente.sp.gov.br\/acervo\/wp-json\/wp\/v2\/tnc_col_329_item\/5265\/revisions"}],"wp:featuredmedia":[{"embeddable":true,"href":"https:\/\/museuflorestal.ambiente.sp.gov.br\/acervo\/wp-json\/wp\/v2\/media\/5266"}],"wp:attachment":[{"href":"https:\/\/museuflorestal.ambiente.sp.gov.br\/acervo\/wp-json\/wp\/v2\/media?parent=5265"}],"curies":[{"name":"wp","href":"https:\/\/api.w.org\/{rel}","templated":true}]}}

<p>Prancha em formato retangular, com alça em madeira torneada e encaixe para fixação de tacha. Possui uma das faces envernizada com entalhe de galho, folhagem, sementes e o ano 1937. Topo com o entalhe: &#8220;M246&#8221;. Lateral oposta à alça com o código &#8220;MT-5&#8221; à caneta, as inscrições a lápis &#8220;153&#8221;, &#8220;Gumbijava&#8221;, &#8220;54&#8221;, &#8220;4c&#8221;.</p>
