{"id":536,"date":"2021-11-30T11:50:51","date_gmt":"2021-11-30T13:50:51","guid":{"rendered":"https:\/\/museuflorestal.ambiente.sp.gov.br\/acervo\/?post_type=tnc_col_329_item&#038;p=536"},"modified":"2021-11-30T11:50:52","modified_gmt":"2021-11-30T13:50:52","slug":"forro-sala-1-ala-fernando-costa","status":"publish","type":"tnc_col_329_item","link":"https:\/\/museuflorestal.ambiente.sp.gov.br\/acervo\/museu-florestal-octavio-vecchi\/forro-sala-1-ala-fernando-costa\/","title":{"rendered":"Forro, Sala 1, Ala Fernando Costa"},"content":{"rendered":"<p>Forro do teto da Sala 1 da Ala Fernando Costa, com esquadrias em madeira seguindo padr\u00e3o quadrangular e t\u00e1buas de diferentes tons de madeira em sentido diagonal. Composto pelas madeiras: \u00f3leo-de-copa\u00edba, tamboril e canjerana.<\/p>\n","protected":false},"featured_media":0,"parent":0,"menu_order":0,"comment_status":"closed","ping_status":"closed","template":"","format":"standard","_links":{"self":[{"href":"https:\/\/museuflorestal.ambiente.sp.gov.br\/acervo\/wp-json\/wp\/v2\/tnc_col_329_item\/536"}],"collection":[{"href":"https:\/\/museuflorestal.ambiente.sp.gov.br\/acervo\/wp-json\/wp\/v2\/tnc_col_329_item"}],"about":[{"href":"https:\/\/museuflorestal.ambiente.sp.gov.br\/acervo\/wp-json\/wp\/v2\/types\/tnc_col_329_item"}],"replies":[{"embeddable":true,"href":"https:\/\/museuflorestal.ambiente.sp.gov.br\/acervo\/wp-json\/wp\/v2\/comments?post=536"}],"version-history":[{"count":0,"href":"https:\/\/museuflorestal.ambiente.sp.gov.br\/acervo\/wp-json\/wp\/v2\/tnc_col_329_item\/536\/revisions"}],"wp:attachment":[{"href":"https:\/\/museuflorestal.ambiente.sp.gov.br\/acervo\/wp-json\/wp\/v2\/media?parent=536"}],"curies":[{"name":"wp","href":"https:\/\/api.w.org\/{rel}","templated":true}]}}

<p>Forro do teto da Sala 1 da Ala Fernando Costa, com esquadrias em madeira seguindo padrão quadrangular e tábuas de diferentes tons de madeira em sentido diagonal. Composto pelas madeiras: óleo-de-copaíba, tamboril e canjerana.</p>
