{"id":540,"date":"2021-11-30T11:50:52","date_gmt":"2021-11-30T13:50:52","guid":{"rendered":"https:\/\/museuflorestal.ambiente.sp.gov.br\/acervo\/?post_type=tnc_col_329_item&#038;p=540"},"modified":"2022-05-20T10:17:20","modified_gmt":"2022-05-20T13:17:20","slug":"assoalho-sala-1-ala-fernando-costa","status":"publish","type":"tnc_col_329_item","link":"https:\/\/museuflorestal.ambiente.sp.gov.br\/acervo\/museu-florestal-octavio-vecchi\/assoalho-sala-1-ala-fernando-costa\/","title":{"rendered":"Assoalho, Sala 1, Ala Fernando Costa"},"content":{"rendered":"<p>Assoalho da Sala 1 da Ala Fernando Costa, formado por t\u00e1buas de madeira de tons claros e escuros. As madeiras formam uma estrela de cinco pontas e ao centro, formatos quadrangulares que se sobrep\u00f5em. Nos cantos da sala h\u00e1 o padr\u00e3o alternado de t\u00e1buas mais claras e mais escuras na diagonal. Possui rodap\u00e9s de madeira. Composto pelas madeiras: angico-rajado, jatob\u00e1 e ip\u00ea.<\/p>\n","protected":false},"featured_media":543,"parent":0,"menu_order":0,"comment_status":"closed","ping_status":"closed","template":"","format":"standard","_links":{"self":[{"href":"https:\/\/museuflorestal.ambiente.sp.gov.br\/acervo\/wp-json\/wp\/v2\/tnc_col_329_item\/540"}],"collection":[{"href":"https:\/\/museuflorestal.ambiente.sp.gov.br\/acervo\/wp-json\/wp\/v2\/tnc_col_329_item"}],"about":[{"href":"https:\/\/museuflorestal.ambiente.sp.gov.br\/acervo\/wp-json\/wp\/v2\/types\/tnc_col_329_item"}],"replies":[{"embeddable":true,"href":"https:\/\/museuflorestal.ambiente.sp.gov.br\/acervo\/wp-json\/wp\/v2\/comments?post=540"}],"version-history":[{"count":2,"href":"https:\/\/museuflorestal.ambiente.sp.gov.br\/acervo\/wp-json\/wp\/v2\/tnc_col_329_item\/540\/revisions"}],"predecessor-version":[{"id":22745,"href":"https:\/\/museuflorestal.ambiente.sp.gov.br\/acervo\/wp-json\/wp\/v2\/tnc_col_329_item\/540\/revisions\/22745"}],"wp:featuredmedia":[{"embeddable":true,"href":"https:\/\/museuflorestal.ambiente.sp.gov.br\/acervo\/wp-json\/wp\/v2\/media\/543"}],"wp:attachment":[{"href":"https:\/\/museuflorestal.ambiente.sp.gov.br\/acervo\/wp-json\/wp\/v2\/media?parent=540"}],"curies":[{"name":"wp","href":"https:\/\/api.w.org\/{rel}","templated":true}]}}

<p>Assoalho da Sala 1 da Ala Fernando Costa, formado por tábuas de madeira de tons claros e escuros. As madeiras formam uma estrela de cinco pontas e ao centro, formatos quadrangulares que se sobrepõem. Nos cantos da sala há o padrão alternado de tábuas mais claras e mais escuras na diagonal. Possui rodapés de madeira. Composto pelas madeiras: angico-rajado, jatobá e ipê.</p>
