{"id":5421,"date":"2021-11-30T13:56:50","date_gmt":"2021-11-30T15:56:50","guid":{"rendered":"https:\/\/museuflorestal.ambiente.sp.gov.br\/acervo\/?post_type=tnc_col_329_item&#038;p=5421"},"modified":"2021-11-30T13:56:53","modified_gmt":"2021-11-30T15:56:53","slug":"prancha-de-jequitiba-branco","status":"publish","type":"tnc_col_329_item","link":"https:\/\/museuflorestal.ambiente.sp.gov.br\/acervo\/museu-florestal-octavio-vecchi\/prancha-de-jequitiba-branco\/","title":{"rendered":"Prancha de jequitib\u00e1-branco"},"content":{"rendered":"<p>Prancha em formato retangular, com al\u00e7a em madeira torneada com tacha met\u00e1lica. Possui uma das faces envernizada com entalhe de galho, folhagem, sementes e o ano 1941. Lateral oposta \u00e0 al\u00e7a com o c\u00f3digo &#8220;MT-82&#8221; \u00e0 caneta, inscri\u00e7\u00f5es a l\u00e1pis, e etiqueta com a marca\u00e7\u00e3o &#8220;Jequitib\u00e1 branco, Nome cient\u00edfico: Cariniana estrellensis (raddi) kuntze. , Fam\u00edlia: Lecythidaceae. Possui a inscri\u00e7\u00e3o &#8220;446&#8221; a l\u00e1pis na lateral.<\/p>\n","protected":false},"featured_media":5424,"parent":0,"menu_order":0,"comment_status":"closed","ping_status":"closed","template":"","format":"standard","_links":{"self":[{"href":"https:\/\/museuflorestal.ambiente.sp.gov.br\/acervo\/wp-json\/wp\/v2\/tnc_col_329_item\/5421"}],"collection":[{"href":"https:\/\/museuflorestal.ambiente.sp.gov.br\/acervo\/wp-json\/wp\/v2\/tnc_col_329_item"}],"about":[{"href":"https:\/\/museuflorestal.ambiente.sp.gov.br\/acervo\/wp-json\/wp\/v2\/types\/tnc_col_329_item"}],"replies":[{"embeddable":true,"href":"https:\/\/museuflorestal.ambiente.sp.gov.br\/acervo\/wp-json\/wp\/v2\/comments?post=5421"}],"version-history":[{"count":0,"href":"https:\/\/museuflorestal.ambiente.sp.gov.br\/acervo\/wp-json\/wp\/v2\/tnc_col_329_item\/5421\/revisions"}],"wp:featuredmedia":[{"embeddable":true,"href":"https:\/\/museuflorestal.ambiente.sp.gov.br\/acervo\/wp-json\/wp\/v2\/media\/5424"}],"wp:attachment":[{"href":"https:\/\/museuflorestal.ambiente.sp.gov.br\/acervo\/wp-json\/wp\/v2\/media?parent=5421"}],"curies":[{"name":"wp","href":"https:\/\/api.w.org\/{rel}","templated":true}]}}

Prancha de jequitibá-branco

<p>Prancha em formato retangular, com alça em madeira torneada com tacha metálica. Possui uma das faces envernizada com entalhe de galho, folhagem, sementes e o ano 1941. Lateral oposta à alça com o código &#8220;MT-82&#8221; à caneta, inscrições a lápis, e etiqueta com a marcação &#8220;Jequitibá branco, Nome científico: Cariniana estrellensis (raddi) kuntze. , Família: Lecythidaceae. Possui a inscrição &#8220;446&#8221; a lápis na lateral.</p>
