{"id":5477,"date":"2021-11-30T13:58:23","date_gmt":"2021-11-30T15:58:23","guid":{"rendered":"https:\/\/museuflorestal.ambiente.sp.gov.br\/acervo\/?post_type=tnc_col_329_item&#038;p=5477"},"modified":"2021-11-30T13:58:25","modified_gmt":"2021-11-30T15:58:25","slug":"prancha-de-mandioqueira-2","status":"publish","type":"tnc_col_329_item","link":"https:\/\/museuflorestal.ambiente.sp.gov.br\/acervo\/museu-florestal-octavio-vecchi\/prancha-de-mandioqueira-2\/","title":{"rendered":"Prancha de mandioqueira"},"content":{"rendered":"<p>Prancha em formato retangular, com al\u00e7a em madeira torneada. Possui ambas as faces envernizadas com entalhe de galho, folhagem e sementes. Lateral oposta \u00e0 al\u00e7a com o c\u00f3digo &#8220;MT-90&#8221; \u00e0 caneta e etiqueta com a marca\u00e7\u00e3o &#8220;Mandioqueira, Nome cient\u00edfico: Didymopamax morototonii Fam\u00edlia: Didymopamax morototonii&#8221;.<\/p>\n","protected":false},"featured_media":5481,"parent":0,"menu_order":0,"comment_status":"closed","ping_status":"closed","template":"","format":"standard","_links":{"self":[{"href":"https:\/\/museuflorestal.ambiente.sp.gov.br\/acervo\/wp-json\/wp\/v2\/tnc_col_329_item\/5477"}],"collection":[{"href":"https:\/\/museuflorestal.ambiente.sp.gov.br\/acervo\/wp-json\/wp\/v2\/tnc_col_329_item"}],"about":[{"href":"https:\/\/museuflorestal.ambiente.sp.gov.br\/acervo\/wp-json\/wp\/v2\/types\/tnc_col_329_item"}],"replies":[{"embeddable":true,"href":"https:\/\/museuflorestal.ambiente.sp.gov.br\/acervo\/wp-json\/wp\/v2\/comments?post=5477"}],"version-history":[{"count":0,"href":"https:\/\/museuflorestal.ambiente.sp.gov.br\/acervo\/wp-json\/wp\/v2\/tnc_col_329_item\/5477\/revisions"}],"wp:featuredmedia":[{"embeddable":true,"href":"https:\/\/museuflorestal.ambiente.sp.gov.br\/acervo\/wp-json\/wp\/v2\/media\/5481"}],"wp:attachment":[{"href":"https:\/\/museuflorestal.ambiente.sp.gov.br\/acervo\/wp-json\/wp\/v2\/media?parent=5477"}],"curies":[{"name":"wp","href":"https:\/\/api.w.org\/{rel}","templated":true}]}}

<p>Prancha em formato retangular, com alça em madeira torneada. Possui ambas as faces envernizadas com entalhe de galho, folhagem e sementes. Lateral oposta à alça com o código &#8220;MT-90&#8221; à caneta e etiqueta com a marcação &#8220;Mandioqueira, Nome científico: Didymopamax morototonii Família: Didymopamax morototonii&#8221;.</p>
