{"id":5569,"date":"2021-11-30T14:01:04","date_gmt":"2021-11-30T16:01:04","guid":{"rendered":"https:\/\/museuflorestal.ambiente.sp.gov.br\/acervo\/?post_type=tnc_col_329_item&#038;p=5569"},"modified":"2021-11-30T14:01:07","modified_gmt":"2021-11-30T16:01:07","slug":"prancha-de-pau-de-vinho","status":"publish","type":"tnc_col_329_item","link":"https:\/\/museuflorestal.ambiente.sp.gov.br\/acervo\/museu-florestal-octavio-vecchi\/prancha-de-pau-de-vinho\/","title":{"rendered":"Prancha de pau-de-vinho"},"content":{"rendered":"<p>Prancha em formato retangular, com al\u00e7a em madeira torneada e encaixe para fixa\u00e7\u00e3o de tacha. Possui uma das faces envernizada com entalhe de galho, folhagem, sementes e o ano 1938; e a outra com os mesmos desenhos e o ano 1943. Topo com o entalhe &#8220;M320&#8221;. Lateral oposta \u00e0 al\u00e7a com o c\u00f3digo &#8220;MT-66&#8221; \u00e0 caneta, inscri\u00e7\u00f5es a l\u00e1pis, e etiqueta com a marca\u00e7\u00e3o &#8220;Pau-de-vinho, Nome cient\u00edfico: Vochyia bifalcata warm. , Fam\u00edlia: Vochysiaceae&#8221;. Base com furo.<\/p>\n","protected":false},"featured_media":5573,"parent":0,"menu_order":0,"comment_status":"closed","ping_status":"closed","template":"","format":"standard","_links":{"self":[{"href":"https:\/\/museuflorestal.ambiente.sp.gov.br\/acervo\/wp-json\/wp\/v2\/tnc_col_329_item\/5569"}],"collection":[{"href":"https:\/\/museuflorestal.ambiente.sp.gov.br\/acervo\/wp-json\/wp\/v2\/tnc_col_329_item"}],"about":[{"href":"https:\/\/museuflorestal.ambiente.sp.gov.br\/acervo\/wp-json\/wp\/v2\/types\/tnc_col_329_item"}],"replies":[{"embeddable":true,"href":"https:\/\/museuflorestal.ambiente.sp.gov.br\/acervo\/wp-json\/wp\/v2\/comments?post=5569"}],"version-history":[{"count":0,"href":"https:\/\/museuflorestal.ambiente.sp.gov.br\/acervo\/wp-json\/wp\/v2\/tnc_col_329_item\/5569\/revisions"}],"wp:featuredmedia":[{"embeddable":true,"href":"https:\/\/museuflorestal.ambiente.sp.gov.br\/acervo\/wp-json\/wp\/v2\/media\/5573"}],"wp:attachment":[{"href":"https:\/\/museuflorestal.ambiente.sp.gov.br\/acervo\/wp-json\/wp\/v2\/media?parent=5569"}],"curies":[{"name":"wp","href":"https:\/\/api.w.org\/{rel}","templated":true}]}}

<p>Prancha em formato retangular, com alça em madeira torneada e encaixe para fixação de tacha. Possui uma das faces envernizada com entalhe de galho, folhagem, sementes e o ano 1938; e a outra com os mesmos desenhos e o ano 1943. Topo com o entalhe &#8220;M320&#8221;. Lateral oposta à alça com o código &#8220;MT-66&#8221; à caneta, inscrições a lápis, e etiqueta com a marcação &#8220;Pau-de-vinho, Nome científico: Vochyia bifalcata warm. , Família: Vochysiaceae&#8221;. Base com furo.</p>
