{"id":5659,"date":"2021-11-30T14:03:46","date_gmt":"2021-11-30T16:03:46","guid":{"rendered":"https:\/\/museuflorestal.ambiente.sp.gov.br\/acervo\/?post_type=tnc_col_329_item&#038;p=5659"},"modified":"2021-11-30T14:03:48","modified_gmt":"2021-11-30T16:03:48","slug":"prancha-de-peroba-4","status":"publish","type":"tnc_col_329_item","link":"https:\/\/museuflorestal.ambiente.sp.gov.br\/acervo\/museu-florestal-octavio-vecchi\/prancha-de-peroba-4\/","title":{"rendered":"Prancha de peroba"},"content":{"rendered":"<p>Prancha em formato retangular, com al\u00e7a em madeira torneada. Possui uma das faces envernizada com entalhe de galho, folhagem, sementes e o ano 1944. Topo com o entalhe &#8220;M315&#8221;. Lateral oposta \u00e0 al\u00e7a com o c\u00f3digo &#8220;MT-61&#8221; \u00e0 caneta, inscri\u00e7\u00f5es a l\u00e1pis, e etiqueta com a marca\u00e7\u00e3o &#8220;Peroba, Nome cient\u00edfico: Aspidosperma sp, Fam\u00edlia: Apocynaceae&#8221;.<\/p>\n","protected":false},"featured_media":5661,"parent":0,"menu_order":0,"comment_status":"closed","ping_status":"closed","template":"","format":"standard","_links":{"self":[{"href":"https:\/\/museuflorestal.ambiente.sp.gov.br\/acervo\/wp-json\/wp\/v2\/tnc_col_329_item\/5659"}],"collection":[{"href":"https:\/\/museuflorestal.ambiente.sp.gov.br\/acervo\/wp-json\/wp\/v2\/tnc_col_329_item"}],"about":[{"href":"https:\/\/museuflorestal.ambiente.sp.gov.br\/acervo\/wp-json\/wp\/v2\/types\/tnc_col_329_item"}],"replies":[{"embeddable":true,"href":"https:\/\/museuflorestal.ambiente.sp.gov.br\/acervo\/wp-json\/wp\/v2\/comments?post=5659"}],"version-history":[{"count":0,"href":"https:\/\/museuflorestal.ambiente.sp.gov.br\/acervo\/wp-json\/wp\/v2\/tnc_col_329_item\/5659\/revisions"}],"wp:featuredmedia":[{"embeddable":true,"href":"https:\/\/museuflorestal.ambiente.sp.gov.br\/acervo\/wp-json\/wp\/v2\/media\/5661"}],"wp:attachment":[{"href":"https:\/\/museuflorestal.ambiente.sp.gov.br\/acervo\/wp-json\/wp\/v2\/media?parent=5659"}],"curies":[{"name":"wp","href":"https:\/\/api.w.org\/{rel}","templated":true}]}}

<p>Prancha em formato retangular, com alça em madeira torneada. Possui uma das faces envernizada com entalhe de galho, folhagem, sementes e o ano 1944. Topo com o entalhe &#8220;M315&#8221;. Lateral oposta à alça com o código &#8220;MT-61&#8221; à caneta, inscrições a lápis, e etiqueta com a marcação &#8220;Peroba, Nome científico: Aspidosperma sp, Família: Apocynaceae&#8221;.</p>
