{"id":574,"date":"2021-11-30T11:51:55","date_gmt":"2021-11-30T13:51:55","guid":{"rendered":"https:\/\/museuflorestal.ambiente.sp.gov.br\/acervo\/?post_type=tnc_col_329_item&#038;p=574"},"modified":"2021-11-30T11:51:59","modified_gmt":"2021-11-30T13:51:59","slug":"forro-sala-2-ala-fernando-costa","status":"publish","type":"tnc_col_329_item","link":"https:\/\/museuflorestal.ambiente.sp.gov.br\/acervo\/museu-florestal-octavio-vecchi\/forro-sala-2-ala-fernando-costa\/","title":{"rendered":"Forro, Sala 2, Ala Fernando Costa"},"content":{"rendered":"<p>Forro do teto da Sala 2 da Ala Fernando Costa, com esquadrias em madeira seguindo padr\u00e3o quadrangular e t\u00e1buas de diferentes tons de madeira em sentido diagonal. Composto pelas madeiras: guatambu, jequitib\u00e1-rosa e cedro-rosa.<\/p>\n","protected":false},"featured_media":576,"parent":0,"menu_order":0,"comment_status":"closed","ping_status":"closed","template":"","format":"standard","_links":{"self":[{"href":"https:\/\/museuflorestal.ambiente.sp.gov.br\/acervo\/wp-json\/wp\/v2\/tnc_col_329_item\/574"}],"collection":[{"href":"https:\/\/museuflorestal.ambiente.sp.gov.br\/acervo\/wp-json\/wp\/v2\/tnc_col_329_item"}],"about":[{"href":"https:\/\/museuflorestal.ambiente.sp.gov.br\/acervo\/wp-json\/wp\/v2\/types\/tnc_col_329_item"}],"replies":[{"embeddable":true,"href":"https:\/\/museuflorestal.ambiente.sp.gov.br\/acervo\/wp-json\/wp\/v2\/comments?post=574"}],"version-history":[{"count":0,"href":"https:\/\/museuflorestal.ambiente.sp.gov.br\/acervo\/wp-json\/wp\/v2\/tnc_col_329_item\/574\/revisions"}],"wp:featuredmedia":[{"embeddable":true,"href":"https:\/\/museuflorestal.ambiente.sp.gov.br\/acervo\/wp-json\/wp\/v2\/media\/576"}],"wp:attachment":[{"href":"https:\/\/museuflorestal.ambiente.sp.gov.br\/acervo\/wp-json\/wp\/v2\/media?parent=574"}],"curies":[{"name":"wp","href":"https:\/\/api.w.org\/{rel}","templated":true}]}}

<p>Forro do teto da Sala 2 da Ala Fernando Costa, com esquadrias em madeira seguindo padrão quadrangular e tábuas de diferentes tons de madeira em sentido diagonal. Composto pelas madeiras: guatambu, jequitibá-rosa e cedro-rosa.</p>
