{"id":586,"date":"2021-11-30T11:52:26","date_gmt":"2021-11-30T13:52:26","guid":{"rendered":"https:\/\/museuflorestal.ambiente.sp.gov.br\/acervo\/?post_type=tnc_col_329_item&#038;p=586"},"modified":"2021-11-30T11:52:29","modified_gmt":"2021-11-30T13:52:29","slug":"assoalho-sala-2-ala-fernando-costa","status":"publish","type":"tnc_col_329_item","link":"https:\/\/museuflorestal.ambiente.sp.gov.br\/acervo\/museu-florestal-octavio-vecchi\/assoalho-sala-2-ala-fernando-costa\/","title":{"rendered":"Assoalho, Sala 2, Ala Fernando Costa"},"content":{"rendered":"<p>Assoalho da Sala 2 da Ala Fernando Costa, composto por t\u00e1buas de quatro tipos diferentes de madeira que variam em tonalidade. As madeiras formam grandes quadrados, com t\u00e1buas dispostas na vertical, horizontal e diagonal. Composto pelas madeiras: amendoim-bravo, ararib\u00e1-vermelho e guarit\u00e1.<\/p>\n","protected":false},"featured_media":587,"parent":0,"menu_order":0,"comment_status":"closed","ping_status":"closed","template":"","format":"standard","_links":{"self":[{"href":"https:\/\/museuflorestal.ambiente.sp.gov.br\/acervo\/wp-json\/wp\/v2\/tnc_col_329_item\/586"}],"collection":[{"href":"https:\/\/museuflorestal.ambiente.sp.gov.br\/acervo\/wp-json\/wp\/v2\/tnc_col_329_item"}],"about":[{"href":"https:\/\/museuflorestal.ambiente.sp.gov.br\/acervo\/wp-json\/wp\/v2\/types\/tnc_col_329_item"}],"replies":[{"embeddable":true,"href":"https:\/\/museuflorestal.ambiente.sp.gov.br\/acervo\/wp-json\/wp\/v2\/comments?post=586"}],"version-history":[{"count":0,"href":"https:\/\/museuflorestal.ambiente.sp.gov.br\/acervo\/wp-json\/wp\/v2\/tnc_col_329_item\/586\/revisions"}],"wp:featuredmedia":[{"embeddable":true,"href":"https:\/\/museuflorestal.ambiente.sp.gov.br\/acervo\/wp-json\/wp\/v2\/media\/587"}],"wp:attachment":[{"href":"https:\/\/museuflorestal.ambiente.sp.gov.br\/acervo\/wp-json\/wp\/v2\/media?parent=586"}],"curies":[{"name":"wp","href":"https:\/\/api.w.org\/{rel}","templated":true}]}}

<p>Assoalho da Sala 2 da Ala Fernando Costa, composto por tábuas de quatro tipos diferentes de madeira que variam em tonalidade. As madeiras formam grandes quadrados, com tábuas dispostas na vertical, horizontal e diagonal. Composto pelas madeiras: amendoim-bravo, araribá-vermelho e guaritá.</p>
