{"id":5947,"date":"2021-11-30T14:11:19","date_gmt":"2021-11-30T16:11:19","guid":{"rendered":"https:\/\/museuflorestal.ambiente.sp.gov.br\/acervo\/?post_type=tnc_col_329_item&#038;p=5947"},"modified":"2021-11-30T14:11:20","modified_gmt":"2021-11-30T16:11:20","slug":"prancha-de-peroba-5","status":"publish","type":"tnc_col_329_item","link":"https:\/\/museuflorestal.ambiente.sp.gov.br\/acervo\/museu-florestal-octavio-vecchi\/prancha-de-peroba-5\/","title":{"rendered":"Prancha de peroba"},"content":{"rendered":"<p>Prancha em formato retangular, com al\u00e7a em madeira torneada. Possui uma das faces envernizada com entalhe de galho, folhagem, sementes e o ano 1944. Topo com o entalhe &#8220;M294&#8221;. Lateral oposta \u00e0 al\u00e7a com o c\u00f3digo &#8220;MT-43&#8221; \u00e0 caneta e inscri\u00e7\u00f5es a l\u00e1pis.<\/p>\n","protected":false},"featured_media":5948,"parent":0,"menu_order":0,"comment_status":"closed","ping_status":"closed","template":"","format":"standard","_links":{"self":[{"href":"https:\/\/museuflorestal.ambiente.sp.gov.br\/acervo\/wp-json\/wp\/v2\/tnc_col_329_item\/5947"}],"collection":[{"href":"https:\/\/museuflorestal.ambiente.sp.gov.br\/acervo\/wp-json\/wp\/v2\/tnc_col_329_item"}],"about":[{"href":"https:\/\/museuflorestal.ambiente.sp.gov.br\/acervo\/wp-json\/wp\/v2\/types\/tnc_col_329_item"}],"replies":[{"embeddable":true,"href":"https:\/\/museuflorestal.ambiente.sp.gov.br\/acervo\/wp-json\/wp\/v2\/comments?post=5947"}],"version-history":[{"count":0,"href":"https:\/\/museuflorestal.ambiente.sp.gov.br\/acervo\/wp-json\/wp\/v2\/tnc_col_329_item\/5947\/revisions"}],"wp:featuredmedia":[{"embeddable":true,"href":"https:\/\/museuflorestal.ambiente.sp.gov.br\/acervo\/wp-json\/wp\/v2\/media\/5948"}],"wp:attachment":[{"href":"https:\/\/museuflorestal.ambiente.sp.gov.br\/acervo\/wp-json\/wp\/v2\/media?parent=5947"}],"curies":[{"name":"wp","href":"https:\/\/api.w.org\/{rel}","templated":true}]}}

<p>Prancha em formato retangular, com alça em madeira torneada. Possui uma das faces envernizada com entalhe de galho, folhagem, sementes e o ano 1944. Topo com o entalhe &#8220;M294&#8221;. Lateral oposta à alça com o código &#8220;MT-43&#8221; à caneta e inscrições a lápis.</p>
