{"id":6250,"date":"2021-11-30T14:19:19","date_gmt":"2021-11-30T16:19:19","guid":{"rendered":"https:\/\/museuflorestal.ambiente.sp.gov.br\/acervo\/?post_type=tnc_col_329_item&#038;p=6250"},"modified":"2021-11-30T14:19:22","modified_gmt":"2021-11-30T16:19:22","slug":"pingente-de-jequitiba-vermelho","status":"publish","type":"tnc_col_329_item","link":"https:\/\/museuflorestal.ambiente.sp.gov.br\/acervo\/museu-florestal-octavio-vecchi\/pingente-de-jequitiba-vermelho\/","title":{"rendered":"Pingente de jequitib\u00e1-vermelho"},"content":{"rendered":"<p>Pingente retangular de madeira. Possui uma das faces envernizada com o entalhe &#8220;Jequitib\u00e1 vermelho&#8221; na parte superior e entalhe de galho com folhas e frutos na parte inferior. No verso h\u00e1 o entalhe &#8220;M538&#8221;. No topo h\u00e1 uma etiqueta com inscri\u00e7\u00e3o ileg\u00edvel e aro de metal. No fundo h\u00e1 o entalhe &#8220;34&#8221;.<\/p>\n","protected":false},"featured_media":6251,"parent":0,"menu_order":0,"comment_status":"closed","ping_status":"closed","template":"","format":"standard","_links":{"self":[{"href":"https:\/\/museuflorestal.ambiente.sp.gov.br\/acervo\/wp-json\/wp\/v2\/tnc_col_329_item\/6250"}],"collection":[{"href":"https:\/\/museuflorestal.ambiente.sp.gov.br\/acervo\/wp-json\/wp\/v2\/tnc_col_329_item"}],"about":[{"href":"https:\/\/museuflorestal.ambiente.sp.gov.br\/acervo\/wp-json\/wp\/v2\/types\/tnc_col_329_item"}],"replies":[{"embeddable":true,"href":"https:\/\/museuflorestal.ambiente.sp.gov.br\/acervo\/wp-json\/wp\/v2\/comments?post=6250"}],"version-history":[{"count":0,"href":"https:\/\/museuflorestal.ambiente.sp.gov.br\/acervo\/wp-json\/wp\/v2\/tnc_col_329_item\/6250\/revisions"}],"wp:featuredmedia":[{"embeddable":true,"href":"https:\/\/museuflorestal.ambiente.sp.gov.br\/acervo\/wp-json\/wp\/v2\/media\/6251"}],"wp:attachment":[{"href":"https:\/\/museuflorestal.ambiente.sp.gov.br\/acervo\/wp-json\/wp\/v2\/media?parent=6250"}],"curies":[{"name":"wp","href":"https:\/\/api.w.org\/{rel}","templated":true}]}}

Pingente de jequitibá-vermelho

<p>Pingente retangular de madeira. Possui uma das faces envernizada com o entalhe &#8220;Jequitibá vermelho&#8221; na parte superior e entalhe de galho com folhas e frutos na parte inferior. No verso há o entalhe &#8220;M538&#8221;. No topo há uma etiqueta com inscrição ilegível e aro de metal. No fundo há o entalhe &#8220;34&#8221;.</p>
