{"id":6277,"date":"2021-11-30T14:20:16","date_gmt":"2021-11-30T16:20:16","guid":{"rendered":"https:\/\/museuflorestal.ambiente.sp.gov.br\/acervo\/?post_type=tnc_col_329_item&#038;p=6277"},"modified":"2021-11-30T14:20:19","modified_gmt":"2021-11-30T16:20:19","slug":"pingente-de-canela-sassafras","status":"publish","type":"tnc_col_329_item","link":"https:\/\/museuflorestal.ambiente.sp.gov.br\/acervo\/museu-florestal-octavio-vecchi\/pingente-de-canela-sassafras\/","title":{"rendered":"Pingente de canela-sassafr\u00e1s"},"content":{"rendered":"<p>Pingente retangular de madeira. Possui uma das faces envernizada com o entalhe &#8220;Canela sassafraz&#8221; na parte superior e entalhe de galho com folhas e frutos na parte inferior. No verso h\u00e1 o entalhe &#8220;M557&#8221;. No topo h\u00e1 uma etiqueta com inscri\u00e7\u00e3o ileg\u00edvel, entalhe &#8220;18&#8221; e aro de metal.<\/p>\n","protected":false},"featured_media":6278,"parent":0,"menu_order":0,"comment_status":"closed","ping_status":"closed","template":"","format":"standard","_links":{"self":[{"href":"https:\/\/museuflorestal.ambiente.sp.gov.br\/acervo\/wp-json\/wp\/v2\/tnc_col_329_item\/6277"}],"collection":[{"href":"https:\/\/museuflorestal.ambiente.sp.gov.br\/acervo\/wp-json\/wp\/v2\/tnc_col_329_item"}],"about":[{"href":"https:\/\/museuflorestal.ambiente.sp.gov.br\/acervo\/wp-json\/wp\/v2\/types\/tnc_col_329_item"}],"replies":[{"embeddable":true,"href":"https:\/\/museuflorestal.ambiente.sp.gov.br\/acervo\/wp-json\/wp\/v2\/comments?post=6277"}],"version-history":[{"count":0,"href":"https:\/\/museuflorestal.ambiente.sp.gov.br\/acervo\/wp-json\/wp\/v2\/tnc_col_329_item\/6277\/revisions"}],"wp:featuredmedia":[{"embeddable":true,"href":"https:\/\/museuflorestal.ambiente.sp.gov.br\/acervo\/wp-json\/wp\/v2\/media\/6278"}],"wp:attachment":[{"href":"https:\/\/museuflorestal.ambiente.sp.gov.br\/acervo\/wp-json\/wp\/v2\/media?parent=6277"}],"curies":[{"name":"wp","href":"https:\/\/api.w.org\/{rel}","templated":true}]}}

Pingente de canela-sassafrás

<p>Pingente retangular de madeira. Possui uma das faces envernizada com o entalhe &#8220;Canela sassafraz&#8221; na parte superior e entalhe de galho com folhas e frutos na parte inferior. No verso há o entalhe &#8220;M557&#8221;. No topo há uma etiqueta com inscrição ilegível, entalhe &#8220;18&#8221; e aro de metal.</p>
