{"id":6362,"date":"2021-11-30T14:23:02","date_gmt":"2021-11-30T16:23:02","guid":{"rendered":"https:\/\/museuflorestal.ambiente.sp.gov.br\/acervo\/?post_type=tnc_col_329_item&#038;p=6362"},"modified":"2021-11-30T14:23:05","modified_gmt":"2021-11-30T16:23:05","slug":"suporte-para-pingentes-3","status":"publish","type":"tnc_col_329_item","link":"https:\/\/museuflorestal.ambiente.sp.gov.br\/acervo\/museu-florestal-octavio-vecchi\/suporte-para-pingentes-3\/","title":{"rendered":"Suporte para pingentes"},"content":{"rendered":"<p>Suporte de madeira, com a parte superior em arco e com a inscri\u00e7\u00e3o &#8220;Madeiras do E. de S. Paulo&#8221; em metal dourado. Possui ripa de madeira disposta horizontalmente ligando uma extremidade a outra, com oito ganchos de metal. Possui duas pernas que se dividem em tr\u00eas apoios sobre uma base, em cada lado. Na parte inferior h\u00e1 uma ripa de madeira que conecta as pernas perpendicularmente. No verso h\u00e1 uma placa de metal fixada por tachas com a inscri\u00e7\u00e3o &#8220;PSF896&#8221;, uma inscri\u00e7\u00e3o \u00e0 caneta e uma etiqueta com a marca\u00e7\u00e3o &#8220;ASS4&#8221;.<\/p>\n","protected":false},"featured_media":6364,"parent":0,"menu_order":0,"comment_status":"closed","ping_status":"closed","template":"","format":"standard","_links":{"self":[{"href":"https:\/\/museuflorestal.ambiente.sp.gov.br\/acervo\/wp-json\/wp\/v2\/tnc_col_329_item\/6362"}],"collection":[{"href":"https:\/\/museuflorestal.ambiente.sp.gov.br\/acervo\/wp-json\/wp\/v2\/tnc_col_329_item"}],"about":[{"href":"https:\/\/museuflorestal.ambiente.sp.gov.br\/acervo\/wp-json\/wp\/v2\/types\/tnc_col_329_item"}],"replies":[{"embeddable":true,"href":"https:\/\/museuflorestal.ambiente.sp.gov.br\/acervo\/wp-json\/wp\/v2\/comments?post=6362"}],"version-history":[{"count":0,"href":"https:\/\/museuflorestal.ambiente.sp.gov.br\/acervo\/wp-json\/wp\/v2\/tnc_col_329_item\/6362\/revisions"}],"wp:featuredmedia":[{"embeddable":true,"href":"https:\/\/museuflorestal.ambiente.sp.gov.br\/acervo\/wp-json\/wp\/v2\/media\/6364"}],"wp:attachment":[{"href":"https:\/\/museuflorestal.ambiente.sp.gov.br\/acervo\/wp-json\/wp\/v2\/media?parent=6362"}],"curies":[{"name":"wp","href":"https:\/\/api.w.org\/{rel}","templated":true}]}}

<p>Suporte de madeira, com a parte superior em arco e com a inscrição &#8220;Madeiras do E. de S. Paulo&#8221; em metal dourado. Possui ripa de madeira disposta horizontalmente ligando uma extremidade a outra, com oito ganchos de metal. Possui duas pernas que se dividem em três apoios sobre uma base, em cada lado. Na parte inferior há uma ripa de madeira que conecta as pernas perpendicularmente. No verso há uma placa de metal fixada por tachas com a inscrição &#8220;PSF896&#8221;, uma inscrição à caneta e uma etiqueta com a marcação &#8220;ASS4&#8221;.</p>
