{"id":640,"date":"2021-11-30T11:54:32","date_gmt":"2021-11-30T13:54:32","guid":{"rendered":"https:\/\/museuflorestal.ambiente.sp.gov.br\/acervo\/?post_type=tnc_col_329_item&#038;p=640"},"modified":"2021-11-30T11:54:35","modified_gmt":"2021-11-30T13:54:35","slug":"assoalho-hall","status":"publish","type":"tnc_col_329_item","link":"https:\/\/museuflorestal.ambiente.sp.gov.br\/acervo\/museu-florestal-octavio-vecchi\/assoalho-hall\/","title":{"rendered":"Assoalho, Hall"},"content":{"rendered":"<p>Assoalho do Hall, formado por t\u00e1buas de madeira que alternam entre tons claros e escuros. Ao centro, formam-se um oct\u00f3gono circunscrito em um quadrado. Ao redor as t\u00e1buas est\u00e3o dispostas em sentido diagonal. Possui rodap\u00e9s de madeira. Composto pelas madeiras: pau-marfim, bra\u00fana, cavi\u00fana e jacarand\u00e1-paulista.<\/p>\n","protected":false},"featured_media":641,"parent":0,"menu_order":0,"comment_status":"closed","ping_status":"closed","template":"","format":"standard","_links":{"self":[{"href":"https:\/\/museuflorestal.ambiente.sp.gov.br\/acervo\/wp-json\/wp\/v2\/tnc_col_329_item\/640"}],"collection":[{"href":"https:\/\/museuflorestal.ambiente.sp.gov.br\/acervo\/wp-json\/wp\/v2\/tnc_col_329_item"}],"about":[{"href":"https:\/\/museuflorestal.ambiente.sp.gov.br\/acervo\/wp-json\/wp\/v2\/types\/tnc_col_329_item"}],"replies":[{"embeddable":true,"href":"https:\/\/museuflorestal.ambiente.sp.gov.br\/acervo\/wp-json\/wp\/v2\/comments?post=640"}],"version-history":[{"count":0,"href":"https:\/\/museuflorestal.ambiente.sp.gov.br\/acervo\/wp-json\/wp\/v2\/tnc_col_329_item\/640\/revisions"}],"wp:featuredmedia":[{"embeddable":true,"href":"https:\/\/museuflorestal.ambiente.sp.gov.br\/acervo\/wp-json\/wp\/v2\/media\/641"}],"wp:attachment":[{"href":"https:\/\/museuflorestal.ambiente.sp.gov.br\/acervo\/wp-json\/wp\/v2\/media?parent=640"}],"curies":[{"name":"wp","href":"https:\/\/api.w.org\/{rel}","templated":true}]}}

<p>Assoalho do Hall, formado por tábuas de madeira que alternam entre tons claros e escuros. Ao centro, formam-se um octógono circunscrito em um quadrado. Ao redor as tábuas estão dispostas em sentido diagonal. Possui rodapés de madeira. Composto pelas madeiras: pau-marfim, braúna, caviúna e jacarandá-paulista.</p>
