{"id":668,"date":"2021-11-30T11:55:30","date_gmt":"2021-11-30T13:55:30","guid":{"rendered":"https:\/\/museuflorestal.ambiente.sp.gov.br\/acervo\/?post_type=tnc_col_329_item&#038;p=668"},"modified":"2021-11-30T11:55:34","modified_gmt":"2021-11-30T13:55:34","slug":"forro-sala-1-ala-julio-prestes","status":"publish","type":"tnc_col_329_item","link":"https:\/\/museuflorestal.ambiente.sp.gov.br\/acervo\/museu-florestal-octavio-vecchi\/forro-sala-1-ala-julio-prestes\/","title":{"rendered":"Forro, Sala 1, Ala J\u00falio Prestes"},"content":{"rendered":"<p>Forro do teto da Sala 1 da Ala J\u00falio Prestes, com esquadrias em madeira com formatos quadrangulares e t\u00e1buas dispostas na diagonal. Possui quatro lumin\u00e1rias simples nos cantos e lustre central. Composto pelas madeiras: congonha-falsa, eucalipto e bracatinga.<\/p>\n","protected":false},"featured_media":669,"parent":0,"menu_order":0,"comment_status":"closed","ping_status":"closed","template":"","format":"standard","_links":{"self":[{"href":"https:\/\/museuflorestal.ambiente.sp.gov.br\/acervo\/wp-json\/wp\/v2\/tnc_col_329_item\/668"}],"collection":[{"href":"https:\/\/museuflorestal.ambiente.sp.gov.br\/acervo\/wp-json\/wp\/v2\/tnc_col_329_item"}],"about":[{"href":"https:\/\/museuflorestal.ambiente.sp.gov.br\/acervo\/wp-json\/wp\/v2\/types\/tnc_col_329_item"}],"replies":[{"embeddable":true,"href":"https:\/\/museuflorestal.ambiente.sp.gov.br\/acervo\/wp-json\/wp\/v2\/comments?post=668"}],"version-history":[{"count":0,"href":"https:\/\/museuflorestal.ambiente.sp.gov.br\/acervo\/wp-json\/wp\/v2\/tnc_col_329_item\/668\/revisions"}],"wp:featuredmedia":[{"embeddable":true,"href":"https:\/\/museuflorestal.ambiente.sp.gov.br\/acervo\/wp-json\/wp\/v2\/media\/669"}],"wp:attachment":[{"href":"https:\/\/museuflorestal.ambiente.sp.gov.br\/acervo\/wp-json\/wp\/v2\/media?parent=668"}],"curies":[{"name":"wp","href":"https:\/\/api.w.org\/{rel}","templated":true}]}}

Forro, Sala 1, Ala Júlio Prestes

<p>Forro do teto da Sala 1 da Ala Júlio Prestes, com esquadrias em madeira com formatos quadrangulares e tábuas dispostas na diagonal. Possui quatro luminárias simples nos cantos e lustre central. Composto pelas madeiras: congonha-falsa, eucalipto e bracatinga.</p>
