{"id":676,"date":"2021-11-30T11:55:53","date_gmt":"2021-11-30T13:55:53","guid":{"rendered":"https:\/\/museuflorestal.ambiente.sp.gov.br\/acervo\/?post_type=tnc_col_329_item&#038;p=676"},"modified":"2021-11-30T11:55:56","modified_gmt":"2021-11-30T13:55:56","slug":"assoalho-sala-1-ala-julio-prestes","status":"publish","type":"tnc_col_329_item","link":"https:\/\/museuflorestal.ambiente.sp.gov.br\/acervo\/museu-florestal-octavio-vecchi\/assoalho-sala-1-ala-julio-prestes\/","title":{"rendered":"Assoalho Sala 1, Ala J\u00falio Prestes"},"content":{"rendered":"<p>Assoalho da Sala 1 da Ala J\u00falio Prestes, composto por t\u00e1buas de madeira que formam tri\u00e2ngulos e ao centro, tr\u00eas quadrados sobrepostos. Composto pelas madeiras: eucalipto, ara\u00e7\u00e1-piranga e bracatinga.<\/p>\n","protected":false},"featured_media":677,"parent":0,"menu_order":0,"comment_status":"closed","ping_status":"closed","template":"","format":"standard","_links":{"self":[{"href":"https:\/\/museuflorestal.ambiente.sp.gov.br\/acervo\/wp-json\/wp\/v2\/tnc_col_329_item\/676"}],"collection":[{"href":"https:\/\/museuflorestal.ambiente.sp.gov.br\/acervo\/wp-json\/wp\/v2\/tnc_col_329_item"}],"about":[{"href":"https:\/\/museuflorestal.ambiente.sp.gov.br\/acervo\/wp-json\/wp\/v2\/types\/tnc_col_329_item"}],"replies":[{"embeddable":true,"href":"https:\/\/museuflorestal.ambiente.sp.gov.br\/acervo\/wp-json\/wp\/v2\/comments?post=676"}],"version-history":[{"count":0,"href":"https:\/\/museuflorestal.ambiente.sp.gov.br\/acervo\/wp-json\/wp\/v2\/tnc_col_329_item\/676\/revisions"}],"wp:featuredmedia":[{"embeddable":true,"href":"https:\/\/museuflorestal.ambiente.sp.gov.br\/acervo\/wp-json\/wp\/v2\/media\/677"}],"wp:attachment":[{"href":"https:\/\/museuflorestal.ambiente.sp.gov.br\/acervo\/wp-json\/wp\/v2\/media?parent=676"}],"curies":[{"name":"wp","href":"https:\/\/api.w.org\/{rel}","templated":true}]}}

Assoalho Sala 1, Ala Júlio Prestes

<p>Assoalho da Sala 1 da Ala Júlio Prestes, composto por tábuas de madeira que formam triângulos e ao centro, três quadrados sobrepostos. Composto pelas madeiras: eucalipto, araçá-piranga e bracatinga.</p>
