{"id":6771,"date":"2021-11-30T14:35:41","date_gmt":"2021-11-30T16:35:41","guid":{"rendered":"https:\/\/museuflorestal.ambiente.sp.gov.br\/acervo\/?post_type=tnc_col_329_item&#038;p=6771"},"modified":"2021-11-30T14:35:44","modified_gmt":"2021-11-30T16:35:44","slug":"maquete-do-14-bis","status":"publish","type":"tnc_col_329_item","link":"https:\/\/museuflorestal.ambiente.sp.gov.br\/acervo\/museu-florestal-octavio-vecchi\/maquete-do-14-bis\/","title":{"rendered":"Maquete do 14 Bis"},"content":{"rendered":"<p>Maquete de madeira do avi\u00e3o 14 Bis, sobre uma base retangular. O avi\u00e3o est\u00e1 no centro da base, possui cor natural da madeira, detalhes em linhas pretas e est\u00e1 sobre uma grama verde. Atr\u00e1s dele h\u00e1 duas placas de pl\u00e1stico coladas, uma com a foto de Santos Dumont e a outra, com a Casa Aero Br\u00e1s. Na parte posterior h\u00e1 quatro p\u00e9s de pl\u00e1stico.<\/p>\n","protected":false},"featured_media":6775,"parent":0,"menu_order":0,"comment_status":"closed","ping_status":"closed","template":"","format":"standard","_links":{"self":[{"href":"https:\/\/museuflorestal.ambiente.sp.gov.br\/acervo\/wp-json\/wp\/v2\/tnc_col_329_item\/6771"}],"collection":[{"href":"https:\/\/museuflorestal.ambiente.sp.gov.br\/acervo\/wp-json\/wp\/v2\/tnc_col_329_item"}],"about":[{"href":"https:\/\/museuflorestal.ambiente.sp.gov.br\/acervo\/wp-json\/wp\/v2\/types\/tnc_col_329_item"}],"replies":[{"embeddable":true,"href":"https:\/\/museuflorestal.ambiente.sp.gov.br\/acervo\/wp-json\/wp\/v2\/comments?post=6771"}],"version-history":[{"count":0,"href":"https:\/\/museuflorestal.ambiente.sp.gov.br\/acervo\/wp-json\/wp\/v2\/tnc_col_329_item\/6771\/revisions"}],"wp:featuredmedia":[{"embeddable":true,"href":"https:\/\/museuflorestal.ambiente.sp.gov.br\/acervo\/wp-json\/wp\/v2\/media\/6775"}],"wp:attachment":[{"href":"https:\/\/museuflorestal.ambiente.sp.gov.br\/acervo\/wp-json\/wp\/v2\/media?parent=6771"}],"curies":[{"name":"wp","href":"https:\/\/api.w.org\/{rel}","templated":true}]}}

<p>Maquete de madeira do avião 14 Bis, sobre uma base retangular. O avião está no centro da base, possui cor natural da madeira, detalhes em linhas pretas e está sobre uma grama verde. Atrás dele há duas placas de plástico coladas, uma com a foto de Santos Dumont e a outra, com a Casa Aero Brás. Na parte posterior há quatro pés de plástico.</p>
