{"id":682,"date":"2021-11-30T11:56:06","date_gmt":"2021-11-30T13:56:06","guid":{"rendered":"https:\/\/museuflorestal.ambiente.sp.gov.br\/acervo\/?post_type=tnc_col_329_item&#038;p=682"},"modified":"2021-11-30T11:56:08","modified_gmt":"2021-11-30T13:56:08","slug":"lustres-sala-1-ala-julio-prestes","status":"publish","type":"tnc_col_329_item","link":"https:\/\/museuflorestal.ambiente.sp.gov.br\/acervo\/museu-florestal-octavio-vecchi\/lustres-sala-1-ala-julio-prestes\/","title":{"rendered":"Lustres, Sala 1, Ala J\u00falio Prestes"},"content":{"rendered":"<p>Lustre central sustentado por corrente de madeira e em formato quadrado. Possui oito bra\u00e7os com bocais para l\u00e2mpadas, dois bra\u00e7os em cada canto. Os bra\u00e7os e o lustre s\u00e3o entalhados em motivos curvos. Bocais com acabamento torneado. Nos cantos da sala h\u00e1 quatro lustres sustentados por corrente de madeira e formado por vidro redondo.<\/p>\n","protected":false},"featured_media":683,"parent":0,"menu_order":0,"comment_status":"closed","ping_status":"closed","template":"","format":"standard","_links":{"self":[{"href":"https:\/\/museuflorestal.ambiente.sp.gov.br\/acervo\/wp-json\/wp\/v2\/tnc_col_329_item\/682"}],"collection":[{"href":"https:\/\/museuflorestal.ambiente.sp.gov.br\/acervo\/wp-json\/wp\/v2\/tnc_col_329_item"}],"about":[{"href":"https:\/\/museuflorestal.ambiente.sp.gov.br\/acervo\/wp-json\/wp\/v2\/types\/tnc_col_329_item"}],"replies":[{"embeddable":true,"href":"https:\/\/museuflorestal.ambiente.sp.gov.br\/acervo\/wp-json\/wp\/v2\/comments?post=682"}],"version-history":[{"count":0,"href":"https:\/\/museuflorestal.ambiente.sp.gov.br\/acervo\/wp-json\/wp\/v2\/tnc_col_329_item\/682\/revisions"}],"wp:featuredmedia":[{"embeddable":true,"href":"https:\/\/museuflorestal.ambiente.sp.gov.br\/acervo\/wp-json\/wp\/v2\/media\/683"}],"wp:attachment":[{"href":"https:\/\/museuflorestal.ambiente.sp.gov.br\/acervo\/wp-json\/wp\/v2\/media?parent=682"}],"curies":[{"name":"wp","href":"https:\/\/api.w.org\/{rel}","templated":true}]}}

Lustres, Sala 1, Ala Júlio Prestes

<p>Lustre central sustentado por corrente de madeira e em formato quadrado. Possui oito braços com bocais para lâmpadas, dois braços em cada canto. Os braços e o lustre são entalhados em motivos curvos. Bocais com acabamento torneado. Nos cantos da sala há quatro lustres sustentados por corrente de madeira e formado por vidro redondo.</p>
