{"id":6828,"date":"2021-11-30T14:37:02","date_gmt":"2021-11-30T16:37:02","guid":{"rendered":"https:\/\/museuflorestal.ambiente.sp.gov.br\/acervo\/?post_type=tnc_col_329_item&#038;p=6828"},"modified":"2021-11-30T14:37:04","modified_gmt":"2021-11-30T16:37:04","slug":"fruteira-de-araucaria","status":"publish","type":"tnc_col_329_item","link":"https:\/\/museuflorestal.ambiente.sp.gov.br\/acervo\/museu-florestal-octavio-vecchi\/fruteira-de-araucaria\/","title":{"rendered":"Fruteira de arauc\u00e1ria"},"content":{"rendered":"<p>Fruteira de madeira, na cor natural da madeira. Possui o prato abaulado, base redonda com suporte torneado. Na parte superior da base, h\u00e1 uma etiqueta com a inscri\u00e7\u00e3o &#8220;OB-15&#8221;. Na parte inferior da base, tecido colado e a inscri\u00e7\u00e3o &#8220;OB-15&#8221;.<\/p>\n","protected":false},"featured_media":6830,"parent":0,"menu_order":0,"comment_status":"closed","ping_status":"closed","template":"","format":"standard","_links":{"self":[{"href":"https:\/\/museuflorestal.ambiente.sp.gov.br\/acervo\/wp-json\/wp\/v2\/tnc_col_329_item\/6828"}],"collection":[{"href":"https:\/\/museuflorestal.ambiente.sp.gov.br\/acervo\/wp-json\/wp\/v2\/tnc_col_329_item"}],"about":[{"href":"https:\/\/museuflorestal.ambiente.sp.gov.br\/acervo\/wp-json\/wp\/v2\/types\/tnc_col_329_item"}],"replies":[{"embeddable":true,"href":"https:\/\/museuflorestal.ambiente.sp.gov.br\/acervo\/wp-json\/wp\/v2\/comments?post=6828"}],"version-history":[{"count":0,"href":"https:\/\/museuflorestal.ambiente.sp.gov.br\/acervo\/wp-json\/wp\/v2\/tnc_col_329_item\/6828\/revisions"}],"wp:featuredmedia":[{"embeddable":true,"href":"https:\/\/museuflorestal.ambiente.sp.gov.br\/acervo\/wp-json\/wp\/v2\/media\/6830"}],"wp:attachment":[{"href":"https:\/\/museuflorestal.ambiente.sp.gov.br\/acervo\/wp-json\/wp\/v2\/media?parent=6828"}],"curies":[{"name":"wp","href":"https:\/\/api.w.org\/{rel}","templated":true}]}}

Fruteira de araucária

<p>Fruteira de madeira, na cor natural da madeira. Possui o prato abaulado, base redonda com suporte torneado. Na parte superior da base, há uma etiqueta com a inscrição &#8220;OB-15&#8221;. Na parte inferior da base, tecido colado e a inscrição &#8220;OB-15&#8221;.</p>
