{"id":6881,"date":"2021-11-30T14:38:14","date_gmt":"2021-11-30T16:38:14","guid":{"rendered":"https:\/\/museuflorestal.ambiente.sp.gov.br\/acervo\/?post_type=tnc_col_329_item&#038;p=6881"},"modified":"2021-11-30T14:38:17","modified_gmt":"2021-11-30T16:38:17","slug":"aquarela-jacaranda-roxo","status":"publish","type":"tnc_col_329_item","link":"https:\/\/museuflorestal.ambiente.sp.gov.br\/acervo\/museu-florestal-octavio-vecchi\/aquarela-jacaranda-roxo\/","title":{"rendered":"Aquarela &#8220;Jacarand\u00e1 r\u00f4xo&#8221;"},"content":{"rendered":"<p>Aquarela sobre papel com moldura e vidro. Nos quatro cantos da moldura, acabamentos em formato piramidal. Na parte inferior h\u00e1 uma placa met\u00e1lica com a inscri\u00e7\u00e3o &#8220;Jacarand\u00e1 r\u00f4xo&#8221;. Sob o vidro, pintura de duas \u00e1rvores em destaque no centro, com tronco marrom, folhas azuis e amarelas. Ao fundo h\u00e1 um caminho de terra em declive e vegeta\u00e7\u00e3o verde escura com c\u00e9u branco. No canto inferior direito h\u00e1 a assinatura &#8220;Al Norfini 10 xx 929&#8221;. Na parte posterior do quadro h\u00e1 dois ganchos de metal presos \u00e0 moldura em lados opostos, ligados por um fio de arame. No topo da moldura h\u00e1 uma placa met\u00e1lica marcando &#8220;PSF-874&#8221;.<\/p>\n","protected":false},"featured_media":6884,"parent":0,"menu_order":0,"comment_status":"closed","ping_status":"closed","template":"","format":"standard","_links":{"self":[{"href":"https:\/\/museuflorestal.ambiente.sp.gov.br\/acervo\/wp-json\/wp\/v2\/tnc_col_329_item\/6881"}],"collection":[{"href":"https:\/\/museuflorestal.ambiente.sp.gov.br\/acervo\/wp-json\/wp\/v2\/tnc_col_329_item"}],"about":[{"href":"https:\/\/museuflorestal.ambiente.sp.gov.br\/acervo\/wp-json\/wp\/v2\/types\/tnc_col_329_item"}],"replies":[{"embeddable":true,"href":"https:\/\/museuflorestal.ambiente.sp.gov.br\/acervo\/wp-json\/wp\/v2\/comments?post=6881"}],"version-history":[{"count":0,"href":"https:\/\/museuflorestal.ambiente.sp.gov.br\/acervo\/wp-json\/wp\/v2\/tnc_col_329_item\/6881\/revisions"}],"wp:featuredmedia":[{"embeddable":true,"href":"https:\/\/museuflorestal.ambiente.sp.gov.br\/acervo\/wp-json\/wp\/v2\/media\/6884"}],"wp:attachment":[{"href":"https:\/\/museuflorestal.ambiente.sp.gov.br\/acervo\/wp-json\/wp\/v2\/media?parent=6881"}],"curies":[{"name":"wp","href":"https:\/\/api.w.org\/{rel}","templated":true}]}}

Aquarela &#8220;Jacarandá rôxo&#8221;

<p>Aquarela sobre papel com moldura e vidro. Nos quatro cantos da moldura, acabamentos em formato piramidal. Na parte inferior há uma placa metálica com a inscrição &#8220;Jacarandá rôxo&#8221;. Sob o vidro, pintura de duas árvores em destaque no centro, com tronco marrom, folhas azuis e amarelas. Ao fundo há um caminho de terra em declive e vegetação verde escura com céu branco. No canto inferior direito há a assinatura &#8220;Al Norfini 10 xx 929&#8221;. Na parte posterior do quadro há dois ganchos de metal presos à moldura em lados opostos, ligados por um fio de arame. No topo da moldura há uma placa metálica marcando &#8220;PSF-874&#8221;.</p>
