{"id":6895,"date":"2021-11-30T14:38:32","date_gmt":"2021-11-30T16:38:32","guid":{"rendered":"https:\/\/museuflorestal.ambiente.sp.gov.br\/acervo\/?post_type=tnc_col_329_item&#038;p=6895"},"modified":"2021-11-30T14:38:34","modified_gmt":"2021-11-30T16:38:34","slug":"aquarela-eryitrina","status":"publish","type":"tnc_col_329_item","link":"https:\/\/museuflorestal.ambiente.sp.gov.br\/acervo\/museu-florestal-octavio-vecchi\/aquarela-eryitrina\/","title":{"rendered":"Aquarela &#8220;Eryitrina&#8221;"},"content":{"rendered":"<p>Aquarela sobre papel com moldura e vidro. Nos quatro cantos da moldura, acabamentos em formato piramidal. Sob o vidro, pintura de \u00e1rvore em destaque no centro, com tronco em tons de marrom, folhas verdes, flores com p\u00e9talas longas e vermelhas. Ao fundo c\u00e9u branco. No canto inferior direito h\u00e1 a inscri\u00e7\u00e3o &#8220;Erythrina Cristagalli&#8221;, a assinatura &#8220;Alfredo Norfini S. Paulo 1932&#8221;. Na parte posterior do quadro h\u00e1 dois ganchos em laterais opostas, ligados por um fio de arame. No topo da moldura h\u00e1 dois furos.<\/p>\n","protected":false},"featured_media":6897,"parent":0,"menu_order":0,"comment_status":"closed","ping_status":"closed","template":"","format":"standard","_links":{"self":[{"href":"https:\/\/museuflorestal.ambiente.sp.gov.br\/acervo\/wp-json\/wp\/v2\/tnc_col_329_item\/6895"}],"collection":[{"href":"https:\/\/museuflorestal.ambiente.sp.gov.br\/acervo\/wp-json\/wp\/v2\/tnc_col_329_item"}],"about":[{"href":"https:\/\/museuflorestal.ambiente.sp.gov.br\/acervo\/wp-json\/wp\/v2\/types\/tnc_col_329_item"}],"replies":[{"embeddable":true,"href":"https:\/\/museuflorestal.ambiente.sp.gov.br\/acervo\/wp-json\/wp\/v2\/comments?post=6895"}],"version-history":[{"count":0,"href":"https:\/\/museuflorestal.ambiente.sp.gov.br\/acervo\/wp-json\/wp\/v2\/tnc_col_329_item\/6895\/revisions"}],"wp:featuredmedia":[{"embeddable":true,"href":"https:\/\/museuflorestal.ambiente.sp.gov.br\/acervo\/wp-json\/wp\/v2\/media\/6897"}],"wp:attachment":[{"href":"https:\/\/museuflorestal.ambiente.sp.gov.br\/acervo\/wp-json\/wp\/v2\/media?parent=6895"}],"curies":[{"name":"wp","href":"https:\/\/api.w.org\/{rel}","templated":true}]}}

<p>Aquarela sobre papel com moldura e vidro. Nos quatro cantos da moldura, acabamentos em formato piramidal. Sob o vidro, pintura de árvore em destaque no centro, com tronco em tons de marrom, folhas verdes, flores com pétalas longas e vermelhas. Ao fundo céu branco. No canto inferior direito há a inscrição &#8220;Erythrina Cristagalli&#8221;, a assinatura &#8220;Alfredo Norfini S. Paulo 1932&#8221;. Na parte posterior do quadro há dois ganchos em laterais opostas, ligados por um fio de arame. No topo da moldura há dois furos.</p>
