{"id":6903,"date":"2021-11-30T14:38:44","date_gmt":"2021-11-30T16:38:44","guid":{"rendered":"https:\/\/museuflorestal.ambiente.sp.gov.br\/acervo\/?post_type=tnc_col_329_item&#038;p=6903"},"modified":"2021-11-30T14:38:47","modified_gmt":"2021-11-30T16:38:47","slug":"aquarela-sananduva","status":"publish","type":"tnc_col_329_item","link":"https:\/\/museuflorestal.ambiente.sp.gov.br\/acervo\/museu-florestal-octavio-vecchi\/aquarela-sananduva\/","title":{"rendered":"Aquarela &#8220;Sananduva&#8221;"},"content":{"rendered":"<p>Aquarela sobre papel com moldura e vidro. Nos quatro cantos da moldura, acabamentos em formato piramidal. Na parte inferior h\u00e1 uma placa met\u00e1lica com a inscri\u00e7\u00e3o &#8220;Sananduva&#8221;. Sob o vidro, pintura de \u00e1rvore em destaque no centro, com tronco em tons de marrom e folhas verdes e amarelas. Ao redor dela, h\u00e1 uma vegeta\u00e7\u00e3o em tons de verde e a sua frente, seu reflexo refletido num espelho d&#8217;\u00e1gua. Ao fundo h\u00e1 uma vegeta\u00e7\u00e3o distante e c\u00e9u branco. No canto inferior direito h\u00e1 a assinatura &#8220;Al Norfini Oct 1929 S. Paulo&#8221;. Na parte posterior do quadro h\u00e1 dois ganchos em laterais opostas, ligados por um fio de arame. No topo da moldura h\u00e1 uma placa met\u00e1lica marcando &#8220;PSF-877&#8221;.<\/p>\n","protected":false},"featured_media":6906,"parent":0,"menu_order":0,"comment_status":"closed","ping_status":"closed","template":"","format":"standard","_links":{"self":[{"href":"https:\/\/museuflorestal.ambiente.sp.gov.br\/acervo\/wp-json\/wp\/v2\/tnc_col_329_item\/6903"}],"collection":[{"href":"https:\/\/museuflorestal.ambiente.sp.gov.br\/acervo\/wp-json\/wp\/v2\/tnc_col_329_item"}],"about":[{"href":"https:\/\/museuflorestal.ambiente.sp.gov.br\/acervo\/wp-json\/wp\/v2\/types\/tnc_col_329_item"}],"replies":[{"embeddable":true,"href":"https:\/\/museuflorestal.ambiente.sp.gov.br\/acervo\/wp-json\/wp\/v2\/comments?post=6903"}],"version-history":[{"count":0,"href":"https:\/\/museuflorestal.ambiente.sp.gov.br\/acervo\/wp-json\/wp\/v2\/tnc_col_329_item\/6903\/revisions"}],"wp:featuredmedia":[{"embeddable":true,"href":"https:\/\/museuflorestal.ambiente.sp.gov.br\/acervo\/wp-json\/wp\/v2\/media\/6906"}],"wp:attachment":[{"href":"https:\/\/museuflorestal.ambiente.sp.gov.br\/acervo\/wp-json\/wp\/v2\/media?parent=6903"}],"curies":[{"name":"wp","href":"https:\/\/api.w.org\/{rel}","templated":true}]}}

<p>Aquarela sobre papel com moldura e vidro. Nos quatro cantos da moldura, acabamentos em formato piramidal. Na parte inferior há uma placa metálica com a inscrição &#8220;Sananduva&#8221;. Sob o vidro, pintura de árvore em destaque no centro, com tronco em tons de marrom e folhas verdes e amarelas. Ao redor dela, há uma vegetação em tons de verde e a sua frente, seu reflexo refletido num espelho d&#8217;água. Ao fundo há uma vegetação distante e céu branco. No canto inferior direito há a assinatura &#8220;Al Norfini Oct 1929 S. Paulo&#8221;. Na parte posterior do quadro há dois ganchos em laterais opostas, ligados por um fio de arame. No topo da moldura há uma placa metálica marcando &#8220;PSF-877&#8221;.</p>
