{"id":692,"date":"2021-11-30T11:56:21","date_gmt":"2021-11-30T13:56:21","guid":{"rendered":"https:\/\/museuflorestal.ambiente.sp.gov.br\/acervo\/?post_type=tnc_col_329_item&#038;p=692"},"modified":"2021-11-30T11:56:24","modified_gmt":"2021-11-30T13:56:24","slug":"forro-sala-2-ala-julio-prestes","status":"publish","type":"tnc_col_329_item","link":"https:\/\/museuflorestal.ambiente.sp.gov.br\/acervo\/museu-florestal-octavio-vecchi\/forro-sala-2-ala-julio-prestes\/","title":{"rendered":"Forro, Sala 2, Ala J\u00falio Prestes"},"content":{"rendered":"<p>Forro do teto da Sala 2 da Ala J\u00falio Prestes, com esquadrias de madeira de guarant\u00e3, em formatos quadrangulares; e t\u00e1buas de canel\u00e3o e jequitib\u00e1-branco, de diferentes tons e dispostas na diagonal.<\/p>\n","protected":false},"featured_media":693,"parent":0,"menu_order":0,"comment_status":"closed","ping_status":"closed","template":"","format":"standard","_links":{"self":[{"href":"https:\/\/museuflorestal.ambiente.sp.gov.br\/acervo\/wp-json\/wp\/v2\/tnc_col_329_item\/692"}],"collection":[{"href":"https:\/\/museuflorestal.ambiente.sp.gov.br\/acervo\/wp-json\/wp\/v2\/tnc_col_329_item"}],"about":[{"href":"https:\/\/museuflorestal.ambiente.sp.gov.br\/acervo\/wp-json\/wp\/v2\/types\/tnc_col_329_item"}],"replies":[{"embeddable":true,"href":"https:\/\/museuflorestal.ambiente.sp.gov.br\/acervo\/wp-json\/wp\/v2\/comments?post=692"}],"version-history":[{"count":0,"href":"https:\/\/museuflorestal.ambiente.sp.gov.br\/acervo\/wp-json\/wp\/v2\/tnc_col_329_item\/692\/revisions"}],"wp:featuredmedia":[{"embeddable":true,"href":"https:\/\/museuflorestal.ambiente.sp.gov.br\/acervo\/wp-json\/wp\/v2\/media\/693"}],"wp:attachment":[{"href":"https:\/\/museuflorestal.ambiente.sp.gov.br\/acervo\/wp-json\/wp\/v2\/media?parent=692"}],"curies":[{"name":"wp","href":"https:\/\/api.w.org\/{rel}","templated":true}]}}

Forro, Sala 2, Ala Júlio Prestes

<p>Forro do teto da Sala 2 da Ala Júlio Prestes, com esquadrias de madeira de guarantã, em formatos quadrangulares; e tábuas de canelão e jequitibá-branco, de diferentes tons e dispostas na diagonal.</p>
