{"id":6925,"date":"2021-11-30T14:39:21","date_gmt":"2021-11-30T16:39:21","guid":{"rendered":"https:\/\/museuflorestal.ambiente.sp.gov.br\/acervo\/?post_type=tnc_col_329_item&#038;p=6925"},"modified":"2021-11-30T14:39:25","modified_gmt":"2021-11-30T16:39:25","slug":"aquarela-suina-muchocho","status":"publish","type":"tnc_col_329_item","link":"https:\/\/museuflorestal.ambiente.sp.gov.br\/acervo\/museu-florestal-octavio-vecchi\/aquarela-suina-muchocho\/","title":{"rendered":"Aquarela &#8220;Suin\u00e3 \/ Muchocho&#8221;"},"content":{"rendered":"<p>Desenho em aquarela de \u00e1rvore em destaque no centro. Possui o tronco marrom, folhas verdes e flores alaranjadas. Ao fundo, \u00e1rvore menor \u00e0 esquerda e \u00e0 direita, vegeta\u00e7\u00e3o verde escura, com c\u00e9u azul e nuvens brancas. No canto inferior direito h\u00e1 a assinatura &#8220;Alfredo Norfini, S. Paulo, 9-10-1929&#8221;. No verso h\u00e1 a inscri\u00e7\u00e3o a l\u00e1pis &#8220;I&#8221;.<\/p>\n","protected":false},"featured_media":6926,"parent":0,"menu_order":0,"comment_status":"closed","ping_status":"closed","template":"","format":"standard","_links":{"self":[{"href":"https:\/\/museuflorestal.ambiente.sp.gov.br\/acervo\/wp-json\/wp\/v2\/tnc_col_329_item\/6925"}],"collection":[{"href":"https:\/\/museuflorestal.ambiente.sp.gov.br\/acervo\/wp-json\/wp\/v2\/tnc_col_329_item"}],"about":[{"href":"https:\/\/museuflorestal.ambiente.sp.gov.br\/acervo\/wp-json\/wp\/v2\/types\/tnc_col_329_item"}],"replies":[{"embeddable":true,"href":"https:\/\/museuflorestal.ambiente.sp.gov.br\/acervo\/wp-json\/wp\/v2\/comments?post=6925"}],"version-history":[{"count":0,"href":"https:\/\/museuflorestal.ambiente.sp.gov.br\/acervo\/wp-json\/wp\/v2\/tnc_col_329_item\/6925\/revisions"}],"wp:featuredmedia":[{"embeddable":true,"href":"https:\/\/museuflorestal.ambiente.sp.gov.br\/acervo\/wp-json\/wp\/v2\/media\/6926"}],"wp:attachment":[{"href":"https:\/\/museuflorestal.ambiente.sp.gov.br\/acervo\/wp-json\/wp\/v2\/media?parent=6925"}],"curies":[{"name":"wp","href":"https:\/\/api.w.org\/{rel}","templated":true}]}}

Aquarela &#8220;Suinã / Muchocho&#8221;

<p>Desenho em aquarela de árvore em destaque no centro. Possui o tronco marrom, folhas verdes e flores alaranjadas. Ao fundo, árvore menor à esquerda e à direita, vegetação verde escura, com céu azul e nuvens brancas. No canto inferior direito há a assinatura &#8220;Alfredo Norfini, S. Paulo, 9-10-1929&#8221;. No verso há a inscrição a lápis &#8220;I&#8221;.</p>
