{"id":6928,"date":"2021-11-30T14:39:30","date_gmt":"2021-11-30T16:39:30","guid":{"rendered":"https:\/\/museuflorestal.ambiente.sp.gov.br\/acervo\/?post_type=tnc_col_329_item&#038;p=6928"},"modified":"2021-11-30T14:39:34","modified_gmt":"2021-11-30T16:39:34","slug":"aquarela-ipe-do-brejo","status":"publish","type":"tnc_col_329_item","link":"https:\/\/museuflorestal.ambiente.sp.gov.br\/acervo\/museu-florestal-octavio-vecchi\/aquarela-ipe-do-brejo\/","title":{"rendered":"Aquarela &#8220;Ip\u00ea do brejo &#8220;"},"content":{"rendered":"<p>Desenho em aquarela de uma \u00e1rea verde com v\u00e1rias esp\u00e9cies de \u00e1rvore e uma montanha ao fundo. No canto inferior direito h\u00e1 a assinatura &#8220;Alfredo Norfini, 1927, Brasil. S. Paulo&#8221;. No verso h\u00e1 as inscri\u00e7\u00f5es &#8221; Much\u00f4cho'&#8221;e &#8220;III&#8221; a l\u00e1pis.<\/p>\n","protected":false},"featured_media":6929,"parent":0,"menu_order":0,"comment_status":"closed","ping_status":"closed","template":"","format":"standard","_links":{"self":[{"href":"https:\/\/museuflorestal.ambiente.sp.gov.br\/acervo\/wp-json\/wp\/v2\/tnc_col_329_item\/6928"}],"collection":[{"href":"https:\/\/museuflorestal.ambiente.sp.gov.br\/acervo\/wp-json\/wp\/v2\/tnc_col_329_item"}],"about":[{"href":"https:\/\/museuflorestal.ambiente.sp.gov.br\/acervo\/wp-json\/wp\/v2\/types\/tnc_col_329_item"}],"replies":[{"embeddable":true,"href":"https:\/\/museuflorestal.ambiente.sp.gov.br\/acervo\/wp-json\/wp\/v2\/comments?post=6928"}],"version-history":[{"count":0,"href":"https:\/\/museuflorestal.ambiente.sp.gov.br\/acervo\/wp-json\/wp\/v2\/tnc_col_329_item\/6928\/revisions"}],"wp:featuredmedia":[{"embeddable":true,"href":"https:\/\/museuflorestal.ambiente.sp.gov.br\/acervo\/wp-json\/wp\/v2\/media\/6929"}],"wp:attachment":[{"href":"https:\/\/museuflorestal.ambiente.sp.gov.br\/acervo\/wp-json\/wp\/v2\/media?parent=6928"}],"curies":[{"name":"wp","href":"https:\/\/api.w.org\/{rel}","templated":true}]}}

Aquarela &#8220;Ipê do brejo &#8220;

<p>Desenho em aquarela de uma área verde com várias espécies de árvore e uma montanha ao fundo. No canto inferior direito há a assinatura &#8220;Alfredo Norfini, 1927, Brasil. S. Paulo&#8221;. No verso há as inscrições &#8221; Muchôcho'&#8221;e &#8220;III&#8221; a lápis.</p>
