{"id":6934,"date":"2021-11-30T14:39:46","date_gmt":"2021-11-30T16:39:46","guid":{"rendered":"https:\/\/museuflorestal.ambiente.sp.gov.br\/acervo\/?post_type=tnc_col_329_item&#038;p=6934"},"modified":"2021-11-30T14:39:50","modified_gmt":"2021-11-30T16:39:50","slug":"aquarela-canudo-de-pito","status":"publish","type":"tnc_col_329_item","link":"https:\/\/museuflorestal.ambiente.sp.gov.br\/acervo\/museu-florestal-octavio-vecchi\/aquarela-canudo-de-pito\/","title":{"rendered":"Aquarela &#8220;Canudo de pito&#8221;"},"content":{"rendered":"<p>Desenho em aquarela de uma \u00e1rvore em destaque no centro. Possui o tronco em tons de marrom, folhas verdes e abundante quantidade de flores amarelas. Ao fundo, vegeta\u00e7\u00e3o baixa em tons de verde e amarelo e c\u00e9u branco. No canto inferior direito h\u00e1 a assinatura &#8220;Alfredo Norfini, fevereiro, 1929&#8221;. No verso h\u00e1 as inscri\u00e7\u00f5es &#8220;VII&#8221; e &#8220;4&#8221; a l\u00e1pis.<\/p>\n","protected":false},"featured_media":6935,"parent":0,"menu_order":0,"comment_status":"closed","ping_status":"closed","template":"","format":"standard","_links":{"self":[{"href":"https:\/\/museuflorestal.ambiente.sp.gov.br\/acervo\/wp-json\/wp\/v2\/tnc_col_329_item\/6934"}],"collection":[{"href":"https:\/\/museuflorestal.ambiente.sp.gov.br\/acervo\/wp-json\/wp\/v2\/tnc_col_329_item"}],"about":[{"href":"https:\/\/museuflorestal.ambiente.sp.gov.br\/acervo\/wp-json\/wp\/v2\/types\/tnc_col_329_item"}],"replies":[{"embeddable":true,"href":"https:\/\/museuflorestal.ambiente.sp.gov.br\/acervo\/wp-json\/wp\/v2\/comments?post=6934"}],"version-history":[{"count":0,"href":"https:\/\/museuflorestal.ambiente.sp.gov.br\/acervo\/wp-json\/wp\/v2\/tnc_col_329_item\/6934\/revisions"}],"wp:featuredmedia":[{"embeddable":true,"href":"https:\/\/museuflorestal.ambiente.sp.gov.br\/acervo\/wp-json\/wp\/v2\/media\/6935"}],"wp:attachment":[{"href":"https:\/\/museuflorestal.ambiente.sp.gov.br\/acervo\/wp-json\/wp\/v2\/media?parent=6934"}],"curies":[{"name":"wp","href":"https:\/\/api.w.org\/{rel}","templated":true}]}}

<p>Desenho em aquarela de uma árvore em destaque no centro. Possui o tronco em tons de marrom, folhas verdes e abundante quantidade de flores amarelas. Ao fundo, vegetação baixa em tons de verde e amarelo e céu branco. No canto inferior direito há a assinatura &#8220;Alfredo Norfini, fevereiro, 1929&#8221;. No verso há as inscrições &#8220;VII&#8221; e &#8220;4&#8221; a lápis.</p>
