{"id":6941,"date":"2021-11-30T14:40:12","date_gmt":"2021-11-30T16:40:12","guid":{"rendered":"https:\/\/museuflorestal.ambiente.sp.gov.br\/acervo\/?post_type=tnc_col_329_item&#038;p=6941"},"modified":"2021-11-30T14:40:17","modified_gmt":"2021-11-30T16:40:17","slug":"aquarela-museu-florestal","status":"publish","type":"tnc_col_329_item","link":"https:\/\/museuflorestal.ambiente.sp.gov.br\/acervo\/museu-florestal-octavio-vecchi\/aquarela-museu-florestal\/","title":{"rendered":"Aquarela Museu Florestal"},"content":{"rendered":"<p>Desenho em aquarela do Museu Florestal com um lago no primeiro plano refletindo o edif\u00edcio. Ao fundo, vegeta\u00e7\u00e3o e c\u00e9u azul com nuvens brancas. No canto inferior direito h\u00e1 a assinatura &#8220;Alfredo Norfini&#8221;.<\/p>\n","protected":false},"featured_media":6942,"parent":0,"menu_order":0,"comment_status":"closed","ping_status":"closed","template":"","format":"standard","_links":{"self":[{"href":"https:\/\/museuflorestal.ambiente.sp.gov.br\/acervo\/wp-json\/wp\/v2\/tnc_col_329_item\/6941"}],"collection":[{"href":"https:\/\/museuflorestal.ambiente.sp.gov.br\/acervo\/wp-json\/wp\/v2\/tnc_col_329_item"}],"about":[{"href":"https:\/\/museuflorestal.ambiente.sp.gov.br\/acervo\/wp-json\/wp\/v2\/types\/tnc_col_329_item"}],"replies":[{"embeddable":true,"href":"https:\/\/museuflorestal.ambiente.sp.gov.br\/acervo\/wp-json\/wp\/v2\/comments?post=6941"}],"version-history":[{"count":0,"href":"https:\/\/museuflorestal.ambiente.sp.gov.br\/acervo\/wp-json\/wp\/v2\/tnc_col_329_item\/6941\/revisions"}],"wp:featuredmedia":[{"embeddable":true,"href":"https:\/\/museuflorestal.ambiente.sp.gov.br\/acervo\/wp-json\/wp\/v2\/media\/6942"}],"wp:attachment":[{"href":"https:\/\/museuflorestal.ambiente.sp.gov.br\/acervo\/wp-json\/wp\/v2\/media?parent=6941"}],"curies":[{"name":"wp","href":"https:\/\/api.w.org\/{rel}","templated":true}]}}

<p>Desenho em aquarela do Museu Florestal com um lago no primeiro plano refletindo o edifício. Ao fundo, vegetação e céu azul com nuvens brancas. No canto inferior direito há a assinatura &#8220;Alfredo Norfini&#8221;.</p>
