{"id":6949,"date":"2021-11-30T14:40:42","date_gmt":"2021-11-30T16:40:42","guid":{"rendered":"https:\/\/museuflorestal.ambiente.sp.gov.br\/acervo\/?post_type=tnc_col_329_item&#038;p=6949"},"modified":"2021-11-30T14:40:43","modified_gmt":"2021-11-30T16:40:43","slug":"aquarela-feijao-bravo","status":"publish","type":"tnc_col_329_item","link":"https:\/\/museuflorestal.ambiente.sp.gov.br\/acervo\/museu-florestal-octavio-vecchi\/aquarela-feijao-bravo\/","title":{"rendered":"Aquarela &#8220;Feij\u00e3o-bravo&#8221;"},"content":{"rendered":"<p>Desenho em aquarela de \u00e1rvore em destaque no centro, com tronco marrom e folhas vermelhas. Ao fundo, vegeta\u00e7\u00e3o baixa e c\u00e9u azul com nuvens brancas. No canto inferior direito h\u00e1 a assinatura &#8220;Alfredo Norfini, -8-930\/ S. Paulo&#8221;. No verso h\u00e1 a inscri\u00e7\u00e3o &#8220;XII&#8221; a l\u00e1pis.<\/p>\n","protected":false},"featured_media":6951,"parent":0,"menu_order":0,"comment_status":"closed","ping_status":"closed","template":"","format":"standard","_links":{"self":[{"href":"https:\/\/museuflorestal.ambiente.sp.gov.br\/acervo\/wp-json\/wp\/v2\/tnc_col_329_item\/6949"}],"collection":[{"href":"https:\/\/museuflorestal.ambiente.sp.gov.br\/acervo\/wp-json\/wp\/v2\/tnc_col_329_item"}],"about":[{"href":"https:\/\/museuflorestal.ambiente.sp.gov.br\/acervo\/wp-json\/wp\/v2\/types\/tnc_col_329_item"}],"replies":[{"embeddable":true,"href":"https:\/\/museuflorestal.ambiente.sp.gov.br\/acervo\/wp-json\/wp\/v2\/comments?post=6949"}],"version-history":[{"count":0,"href":"https:\/\/museuflorestal.ambiente.sp.gov.br\/acervo\/wp-json\/wp\/v2\/tnc_col_329_item\/6949\/revisions"}],"wp:featuredmedia":[{"embeddable":true,"href":"https:\/\/museuflorestal.ambiente.sp.gov.br\/acervo\/wp-json\/wp\/v2\/media\/6951"}],"wp:attachment":[{"href":"https:\/\/museuflorestal.ambiente.sp.gov.br\/acervo\/wp-json\/wp\/v2\/media?parent=6949"}],"curies":[{"name":"wp","href":"https:\/\/api.w.org\/{rel}","templated":true}]}}

Aquarela &#8220;Feijão-bravo&#8221;

<p>Desenho em aquarela de árvore em destaque no centro, com tronco marrom e folhas vermelhas. Ao fundo, vegetação baixa e céu azul com nuvens brancas. No canto inferior direito há a assinatura &#8220;Alfredo Norfini, -8-930/ S. Paulo&#8221;. No verso há a inscrição &#8220;XII&#8221; a lápis.</p>
