{"id":6955,"date":"2021-11-30T14:40:59","date_gmt":"2021-11-30T16:40:59","guid":{"rendered":"https:\/\/museuflorestal.ambiente.sp.gov.br\/acervo\/?post_type=tnc_col_329_item&#038;p=6955"},"modified":"2021-11-30T14:41:03","modified_gmt":"2021-11-30T16:41:03","slug":"aquarela-guapuruvu","status":"publish","type":"tnc_col_329_item","link":"https:\/\/museuflorestal.ambiente.sp.gov.br\/acervo\/museu-florestal-octavio-vecchi\/aquarela-guapuruvu\/","title":{"rendered":"Aquarela &#8220;Guapuruvu&#8221;"},"content":{"rendered":"<p>Desenho em aquarela de \u00e1rvore em destaque no centro com tronco cinza e marrom, com folhas verdes e flores amarelas. Ao fundo, vegeta\u00e7\u00e3o baixa, amarelas e verdes e serra. Com c\u00e9u azul e nuvens brancas. No canto inferior direito h\u00e1 a assinatura &#8220;Alfredo Norfini, 10_929&#8221;. No verso h\u00e1 a inscri\u00e7\u00e3o &#8220;I&#8221; a l\u00e1pis.<\/p>\n","protected":false},"featured_media":6956,"parent":0,"menu_order":0,"comment_status":"closed","ping_status":"closed","template":"","format":"standard","_links":{"self":[{"href":"https:\/\/museuflorestal.ambiente.sp.gov.br\/acervo\/wp-json\/wp\/v2\/tnc_col_329_item\/6955"}],"collection":[{"href":"https:\/\/museuflorestal.ambiente.sp.gov.br\/acervo\/wp-json\/wp\/v2\/tnc_col_329_item"}],"about":[{"href":"https:\/\/museuflorestal.ambiente.sp.gov.br\/acervo\/wp-json\/wp\/v2\/types\/tnc_col_329_item"}],"replies":[{"embeddable":true,"href":"https:\/\/museuflorestal.ambiente.sp.gov.br\/acervo\/wp-json\/wp\/v2\/comments?post=6955"}],"version-history":[{"count":0,"href":"https:\/\/museuflorestal.ambiente.sp.gov.br\/acervo\/wp-json\/wp\/v2\/tnc_col_329_item\/6955\/revisions"}],"wp:featuredmedia":[{"embeddable":true,"href":"https:\/\/museuflorestal.ambiente.sp.gov.br\/acervo\/wp-json\/wp\/v2\/media\/6956"}],"wp:attachment":[{"href":"https:\/\/museuflorestal.ambiente.sp.gov.br\/acervo\/wp-json\/wp\/v2\/media?parent=6955"}],"curies":[{"name":"wp","href":"https:\/\/api.w.org\/{rel}","templated":true}]}}

<p>Desenho em aquarela de árvore em destaque no centro com tronco cinza e marrom, com folhas verdes e flores amarelas. Ao fundo, vegetação baixa, amarelas e verdes e serra. Com céu azul e nuvens brancas. No canto inferior direito há a assinatura &#8220;Alfredo Norfini, 10_929&#8221;. No verso há a inscrição &#8220;I&#8221; a lápis.</p>
