{"id":6958,"date":"2021-11-30T14:41:11","date_gmt":"2021-11-30T16:41:11","guid":{"rendered":"https:\/\/museuflorestal.ambiente.sp.gov.br\/acervo\/?post_type=tnc_col_329_item&#038;p=6958"},"modified":"2021-11-30T14:41:15","modified_gmt":"2021-11-30T16:41:15","slug":"aquarela-ipe-do-campo","status":"publish","type":"tnc_col_329_item","link":"https:\/\/museuflorestal.ambiente.sp.gov.br\/acervo\/museu-florestal-octavio-vecchi\/aquarela-ipe-do-campo\/","title":{"rendered":"Aquarela &#8220;Ip\u00ea-do-campo&#8221;"},"content":{"rendered":"<p>Desenho em aquarela de \u00e1rvore em destaque no centro, em um declive, ao fundo vegeta\u00e7\u00e3o baixa. No canto inferior direito h\u00e1 a assinatura &#8220;Alfredo Norfini, S. Paulo, 7_1929&#8221;. No verso h\u00e1 as inscri\u00e7\u00f5es &#8220;6&#8221;, &#8220;Ip\u00ea do campo&#8221; e &#8220;VI&#8221; a l\u00e1pis.<\/p>\n","protected":false},"featured_media":6959,"parent":0,"menu_order":0,"comment_status":"closed","ping_status":"closed","template":"","format":"standard","_links":{"self":[{"href":"https:\/\/museuflorestal.ambiente.sp.gov.br\/acervo\/wp-json\/wp\/v2\/tnc_col_329_item\/6958"}],"collection":[{"href":"https:\/\/museuflorestal.ambiente.sp.gov.br\/acervo\/wp-json\/wp\/v2\/tnc_col_329_item"}],"about":[{"href":"https:\/\/museuflorestal.ambiente.sp.gov.br\/acervo\/wp-json\/wp\/v2\/types\/tnc_col_329_item"}],"replies":[{"embeddable":true,"href":"https:\/\/museuflorestal.ambiente.sp.gov.br\/acervo\/wp-json\/wp\/v2\/comments?post=6958"}],"version-history":[{"count":0,"href":"https:\/\/museuflorestal.ambiente.sp.gov.br\/acervo\/wp-json\/wp\/v2\/tnc_col_329_item\/6958\/revisions"}],"wp:featuredmedia":[{"embeddable":true,"href":"https:\/\/museuflorestal.ambiente.sp.gov.br\/acervo\/wp-json\/wp\/v2\/media\/6959"}],"wp:attachment":[{"href":"https:\/\/museuflorestal.ambiente.sp.gov.br\/acervo\/wp-json\/wp\/v2\/media?parent=6958"}],"curies":[{"name":"wp","href":"https:\/\/api.w.org\/{rel}","templated":true}]}}

Aquarela &#8220;Ipê-do-campo&#8221;

<p>Desenho em aquarela de árvore em destaque no centro, em um declive, ao fundo vegetação baixa. No canto inferior direito há a assinatura &#8220;Alfredo Norfini, S. Paulo, 7_1929&#8221;. No verso há as inscrições &#8220;6&#8221;, &#8220;Ipê do campo&#8221; e &#8220;VI&#8221; a lápis.</p>
