{"id":6964,"date":"2021-11-30T14:41:33","date_gmt":"2021-11-30T16:41:33","guid":{"rendered":"https:\/\/museuflorestal.ambiente.sp.gov.br\/acervo\/?post_type=tnc_col_329_item&#038;p=6964"},"modified":"2021-11-30T14:41:35","modified_gmt":"2021-11-30T16:41:35","slug":"quadro-entalhado-de-sao-pedro","status":"publish","type":"tnc_col_329_item","link":"https:\/\/museuflorestal.ambiente.sp.gov.br\/acervo\/museu-florestal-octavio-vecchi\/quadro-entalhado-de-sao-pedro\/","title":{"rendered":"Quadro entalhado de S\u00e3o Pedro"},"content":{"rendered":"<p>Quadro entalhado de madeira, em pe\u00e7a \u00fanica e na cor natural da madeira. No centro h\u00e1 o busto de S\u00e3o Pedro, com barba, olhos virados para cima e aur\u00e9ola em torno de sua cabe\u00e7a. Est\u00e1 segurando um livro e duas chaves com a m\u00e3o esquerda, e a m\u00e3o direita est\u00e1 com um dedo erguido para cima. H\u00e1 entalhes nos quatro cantos da moldura, sendo eles: um pescador, um galo, uma coroa e o Vaticano. Ao redor h\u00e1 entalhes decorativos de motivos arabescos. No verso, no canto superior direito, h\u00e1 a inscri\u00e7\u00e3o &#8220;OB-28&#8221; e uma etiqueta com a inscri\u00e7\u00e3o &#8220;OB-28&#8221;. O quadro est\u00e1 sobre um suporte de cor natural da madeira. Possui dois p\u00e9s compridos, com acabamentos curvil\u00edneos e uma trava que os conecta. Possui legenda em papel com bordas e inscri\u00e7\u00e3o &#8220;Imbuia, [nome do quadro], [nome cient\u00edfico], [fam\u00edlia]&#8221; e &#8220;Extrato de nogueira, [nome cient\u00edfico], [fam\u00edlia]&#8221;.<\/p>\n","protected":false},"featured_media":6966,"parent":0,"menu_order":0,"comment_status":"closed","ping_status":"closed","template":"","format":"standard","_links":{"self":[{"href":"https:\/\/museuflorestal.ambiente.sp.gov.br\/acervo\/wp-json\/wp\/v2\/tnc_col_329_item\/6964"}],"collection":[{"href":"https:\/\/museuflorestal.ambiente.sp.gov.br\/acervo\/wp-json\/wp\/v2\/tnc_col_329_item"}],"about":[{"href":"https:\/\/museuflorestal.ambiente.sp.gov.br\/acervo\/wp-json\/wp\/v2\/types\/tnc_col_329_item"}],"replies":[{"embeddable":true,"href":"https:\/\/museuflorestal.ambiente.sp.gov.br\/acervo\/wp-json\/wp\/v2\/comments?post=6964"}],"version-history":[{"count":0,"href":"https:\/\/museuflorestal.ambiente.sp.gov.br\/acervo\/wp-json\/wp\/v2\/tnc_col_329_item\/6964\/revisions"}],"wp:featuredmedia":[{"embeddable":true,"href":"https:\/\/museuflorestal.ambiente.sp.gov.br\/acervo\/wp-json\/wp\/v2\/media\/6966"}],"wp:attachment":[{"href":"https:\/\/museuflorestal.ambiente.sp.gov.br\/acervo\/wp-json\/wp\/v2\/media?parent=6964"}],"curies":[{"name":"wp","href":"https:\/\/api.w.org\/{rel}","templated":true}]}}

Quadro entalhado de São Pedro

<p>Quadro entalhado de madeira, em peça única e na cor natural da madeira. No centro há o busto de São Pedro, com barba, olhos virados para cima e auréola em torno de sua cabeça. Está segurando um livro e duas chaves com a mão esquerda, e a mão direita está com um dedo erguido para cima. Há entalhes nos quatro cantos da moldura, sendo eles: um pescador, um galo, uma coroa e o Vaticano. Ao redor há entalhes decorativos de motivos arabescos. No verso, no canto superior direito, há a inscrição &#8220;OB-28&#8221; e uma etiqueta com a inscrição &#8220;OB-28&#8221;. O quadro está sobre um suporte de cor natural da madeira. Possui dois pés compridos, com acabamentos curvilíneos e uma trava que os conecta. Possui legenda em papel com bordas e inscrição &#8220;Imbuia, [nome do quadro], [nome científico], [família]&#8221; e &#8220;Extrato de nogueira, [nome científico], [família]&#8221;.</p>
