{"id":6973,"date":"2021-11-30T14:41:48","date_gmt":"2021-11-30T16:41:48","guid":{"rendered":"https:\/\/museuflorestal.ambiente.sp.gov.br\/acervo\/?post_type=tnc_col_329_item&#038;p=6973"},"modified":"2021-11-30T14:41:51","modified_gmt":"2021-11-30T16:41:51","slug":"quadro-madeiras-do-estado-de-sao-paulo","status":"publish","type":"tnc_col_329_item","link":"https:\/\/museuflorestal.ambiente.sp.gov.br\/acervo\/museu-florestal-octavio-vecchi\/quadro-madeiras-do-estado-de-sao-paulo\/","title":{"rendered":"Quadro &#8220;Madeiras do Estado de S\u00e3o Paulo&#8221;"},"content":{"rendered":"<p>Quadro de amostras de madeira com moldura. A moldura tem cor natural da madeira, em dois n\u00edveis, o entalhe na parte superior marcando &#8220;Madeiras do Estado de S\u00e3o Paulo&#8221; e na parte inferior, o entalhe &#8220;Servi\u00e7o Florestal do Estado de S\u00e3o Paulo&#8221;. No quadro h\u00e1 amostras retangulares de madeira em marchetaria, em diversos tons e enumeradas de 1 a 77, com inscri\u00e7\u00e3o em baixo relevo. No verso h\u00e1 a inscri\u00e7\u00e3o na parte superior esquerda &#8220;M234&#8243;e &#8220;10&#8221;. Na parte superior direita h\u00e1 uma etiqueta com a inscri\u00e7\u00e3o &#8220;MT-261&#8221;, repetido no centro.<\/p>\n","protected":false},"featured_media":6976,"parent":0,"menu_order":0,"comment_status":"closed","ping_status":"closed","template":"","format":"standard","_links":{"self":[{"href":"https:\/\/museuflorestal.ambiente.sp.gov.br\/acervo\/wp-json\/wp\/v2\/tnc_col_329_item\/6973"}],"collection":[{"href":"https:\/\/museuflorestal.ambiente.sp.gov.br\/acervo\/wp-json\/wp\/v2\/tnc_col_329_item"}],"about":[{"href":"https:\/\/museuflorestal.ambiente.sp.gov.br\/acervo\/wp-json\/wp\/v2\/types\/tnc_col_329_item"}],"replies":[{"embeddable":true,"href":"https:\/\/museuflorestal.ambiente.sp.gov.br\/acervo\/wp-json\/wp\/v2\/comments?post=6973"}],"version-history":[{"count":0,"href":"https:\/\/museuflorestal.ambiente.sp.gov.br\/acervo\/wp-json\/wp\/v2\/tnc_col_329_item\/6973\/revisions"}],"wp:featuredmedia":[{"embeddable":true,"href":"https:\/\/museuflorestal.ambiente.sp.gov.br\/acervo\/wp-json\/wp\/v2\/media\/6976"}],"wp:attachment":[{"href":"https:\/\/museuflorestal.ambiente.sp.gov.br\/acervo\/wp-json\/wp\/v2\/media?parent=6973"}],"curies":[{"name":"wp","href":"https:\/\/api.w.org\/{rel}","templated":true}]}}

Quadro &#8220;Madeiras do Estado de São Paulo&#8221;

<p>Quadro de amostras de madeira com moldura. A moldura tem cor natural da madeira, em dois níveis, o entalhe na parte superior marcando &#8220;Madeiras do Estado de São Paulo&#8221; e na parte inferior, o entalhe &#8220;Serviço Florestal do Estado de São Paulo&#8221;. No quadro há amostras retangulares de madeira em marchetaria, em diversos tons e enumeradas de 1 a 77, com inscrição em baixo relevo. No verso há a inscrição na parte superior esquerda &#8220;M234&#8243;e &#8220;10&#8221;. Na parte superior direita há uma etiqueta com a inscrição &#8220;MT-261&#8221;, repetido no centro.</p>
