{"id":6996,"date":"2021-11-30T14:42:22","date_gmt":"2021-11-30T16:42:22","guid":{"rendered":"https:\/\/museuflorestal.ambiente.sp.gov.br\/acervo\/?post_type=tnc_col_329_item&#038;p=6996"},"modified":"2021-11-30T14:42:25","modified_gmt":"2021-11-30T16:42:25","slug":"quadro-com-amostras-de-madeira-do-forro","status":"publish","type":"tnc_col_329_item","link":"https:\/\/museuflorestal.ambiente.sp.gov.br\/acervo\/museu-florestal-octavio-vecchi\/quadro-com-amostras-de-madeira-do-forro\/","title":{"rendered":"Quadro com amostras de madeira do forro"},"content":{"rendered":"<p>Quadro de amostras de madeira do forro. Possui moldura com acabamento em tr\u00eas n\u00edveis, placa de metal na parte superior marcando &#8220;Forro&#8221; e vidro. Sobre o vidro h\u00e1 tr\u00eas amostras de madeiras dispostas horizontalmente com etiquetas as identificando. Respectivamente, se l\u00ea: &#8220;Nome popular: Guatambu, Nome cient\u00edfico: Aspidosperma sp. , Fam\u00edlia: Apocynaceae&#8221;; &#8220;Nome popular: Jequitib\u00e1 rosa, Nome cient\u00edfico: Cariniama legalis (Mart. )Kuntze, Fam\u00edlia: Lecythidaceae&#8221;; &#8220;Nome popular: Cedro-rosa, Nome cient\u00edfico: Cedrela fissilis Vell. , Familia: Meliaceae&#8221;. No verso h\u00e1 as inscri\u00e7\u00f5es a l\u00e1pis &#8220;3&#8221;, &#8220;Sala 2 &#8220;, &#8220;FS4&#8221;, &#8220;Guatambu, jequitib\u00e1 rosa, cedro rosa, forro 4&#8221; e gancho de metal na parte superior da moldura.<\/p>\n","protected":false},"featured_media":6997,"parent":0,"menu_order":0,"comment_status":"closed","ping_status":"closed","template":"","format":"standard","_links":{"self":[{"href":"https:\/\/museuflorestal.ambiente.sp.gov.br\/acervo\/wp-json\/wp\/v2\/tnc_col_329_item\/6996"}],"collection":[{"href":"https:\/\/museuflorestal.ambiente.sp.gov.br\/acervo\/wp-json\/wp\/v2\/tnc_col_329_item"}],"about":[{"href":"https:\/\/museuflorestal.ambiente.sp.gov.br\/acervo\/wp-json\/wp\/v2\/types\/tnc_col_329_item"}],"replies":[{"embeddable":true,"href":"https:\/\/museuflorestal.ambiente.sp.gov.br\/acervo\/wp-json\/wp\/v2\/comments?post=6996"}],"version-history":[{"count":0,"href":"https:\/\/museuflorestal.ambiente.sp.gov.br\/acervo\/wp-json\/wp\/v2\/tnc_col_329_item\/6996\/revisions"}],"wp:featuredmedia":[{"embeddable":true,"href":"https:\/\/museuflorestal.ambiente.sp.gov.br\/acervo\/wp-json\/wp\/v2\/media\/6997"}],"wp:attachment":[{"href":"https:\/\/museuflorestal.ambiente.sp.gov.br\/acervo\/wp-json\/wp\/v2\/media?parent=6996"}],"curies":[{"name":"wp","href":"https:\/\/api.w.org\/{rel}","templated":true}]}}

<p>Quadro de amostras de madeira do forro. Possui moldura com acabamento em três níveis, placa de metal na parte superior marcando &#8220;Forro&#8221; e vidro. Sobre o vidro há três amostras de madeiras dispostas horizontalmente com etiquetas as identificando. Respectivamente, se lê: &#8220;Nome popular: Guatambu, Nome científico: Aspidosperma sp. , Família: Apocynaceae&#8221;; &#8220;Nome popular: Jequitibá rosa, Nome científico: Cariniama legalis (Mart. )Kuntze, Família: Lecythidaceae&#8221;; &#8220;Nome popular: Cedro-rosa, Nome científico: Cedrela fissilis Vell. , Familia: Meliaceae&#8221;. No verso há as inscrições a lápis &#8220;3&#8221;, &#8220;Sala 2 &#8220;, &#8220;FS4&#8221;, &#8220;Guatambu, jequitibá rosa, cedro rosa, forro 4&#8221; e gancho de metal na parte superior da moldura.</p>
