{"id":7002,"date":"2021-11-30T14:42:33","date_gmt":"2021-11-30T16:42:33","guid":{"rendered":"https:\/\/museuflorestal.ambiente.sp.gov.br\/acervo\/?post_type=tnc_col_329_item&#038;p=7002"},"modified":"2021-11-30T14:42:36","modified_gmt":"2021-11-30T16:42:36","slug":"quadro-com-amostras-de-madeira-do-assoalho","status":"publish","type":"tnc_col_329_item","link":"https:\/\/museuflorestal.ambiente.sp.gov.br\/acervo\/museu-florestal-octavio-vecchi\/quadro-com-amostras-de-madeira-do-assoalho\/","title":{"rendered":"Quadro com amostras de madeira do assoalho"},"content":{"rendered":"<p>Quadro de amostras de madeira do assoalho. Possui moldura com acabamento em tr\u00eas n\u00edveis, placa de metal na parte superior marcando &#8220;Soalho&#8221; e vidro. Sobre o vidro h\u00e1 tr\u00eas amostras de madeiras dispostas horizontalmente com etiquetas as identificando. Respectivamente, se l\u00ea: &#8221; Nome popular: Amendoim-bravo, Nome cient\u00edfico: Pterogyne nietns Tul. , Fam\u00edlia: Caesalpinoideae&#8221;; &#8220;Nome popular: Ararib\u00e1-vermelho, Nome cient\u00edfico: Centrolobium sp. , Fam\u00edlia: Leguminosae-Papilionoideae&#8221;; &#8220;Nome popular: Guarit\u00e1, Nome cient\u00edfico: Astronium sp. , Fam\u00edlia: Anacardiaceae&#8221;. No verso h\u00e1 as inscri\u00e7\u00f5es a l\u00e1pis &#8220;7&#8221;, &#8220;Sala 2&#8221; e gancho de metal na parte superior da moldura.<\/p>\n","protected":false},"featured_media":7004,"parent":0,"menu_order":0,"comment_status":"closed","ping_status":"closed","template":"","format":"standard","_links":{"self":[{"href":"https:\/\/museuflorestal.ambiente.sp.gov.br\/acervo\/wp-json\/wp\/v2\/tnc_col_329_item\/7002"}],"collection":[{"href":"https:\/\/museuflorestal.ambiente.sp.gov.br\/acervo\/wp-json\/wp\/v2\/tnc_col_329_item"}],"about":[{"href":"https:\/\/museuflorestal.ambiente.sp.gov.br\/acervo\/wp-json\/wp\/v2\/types\/tnc_col_329_item"}],"replies":[{"embeddable":true,"href":"https:\/\/museuflorestal.ambiente.sp.gov.br\/acervo\/wp-json\/wp\/v2\/comments?post=7002"}],"version-history":[{"count":0,"href":"https:\/\/museuflorestal.ambiente.sp.gov.br\/acervo\/wp-json\/wp\/v2\/tnc_col_329_item\/7002\/revisions"}],"wp:featuredmedia":[{"embeddable":true,"href":"https:\/\/museuflorestal.ambiente.sp.gov.br\/acervo\/wp-json\/wp\/v2\/media\/7004"}],"wp:attachment":[{"href":"https:\/\/museuflorestal.ambiente.sp.gov.br\/acervo\/wp-json\/wp\/v2\/media?parent=7002"}],"curies":[{"name":"wp","href":"https:\/\/api.w.org\/{rel}","templated":true}]}}

<p>Quadro de amostras de madeira do assoalho. Possui moldura com acabamento em três níveis, placa de metal na parte superior marcando &#8220;Soalho&#8221; e vidro. Sobre o vidro há três amostras de madeiras dispostas horizontalmente com etiquetas as identificando. Respectivamente, se lê: &#8221; Nome popular: Amendoim-bravo, Nome científico: Pterogyne nietns Tul. , Família: Caesalpinoideae&#8221;; &#8220;Nome popular: Araribá-vermelho, Nome científico: Centrolobium sp. , Família: Leguminosae-Papilionoideae&#8221;; &#8220;Nome popular: Guaritá, Nome científico: Astronium sp. , Família: Anacardiaceae&#8221;. No verso há as inscrições a lápis &#8220;7&#8221;, &#8220;Sala 2&#8221; e gancho de metal na parte superior da moldura.</p>
